{"id":8621,"date":"2023-08-29T21:02:47","date_gmt":"2023-08-29T19:02:47","guid":{"rendered":"http:\/\/zko-litomerice.cz\/?page_id=8621"},"modified":"2024-02-26T10:19:00","modified_gmt":"2024-02-26T09:19:00","slug":"aktuality-2","status":"publish","type":"page","link":"https:\/\/zko-litomerice.cz\/index.php\/aktuality-2\/","title":{"rendered":"1. Bonitace NO 2023"},"content":{"rendered":"\n<p><strong>Dne 25.06.2023 prob\u011bhla letos prvn\u00ed bonitace S-\u010cKNO.<\/strong><\/p>\n\n\n\n<p><strong><br><\/strong>Bonitace se z\u00fa\u010dastnilo 18 jedinc\u016f plemene n\u011bmeck\u00fd ov\u010d\u00e1k, jeden pes bohu\u017eel musel b\u00fdt za\u0159azen do kontrolovan\u00e9ho chovu z d\u016fvodu nespln\u011bn\u00ed zkou\u0161ky povahy, ostatn\u00ed jedinci byli za\u0159azeni do v\u00fdb\u011brov\u00e9ho chovu.<br>Bonita\u010dn\u00ed komisi tvo\u0159ili: hlavn\u00ed rozhod\u010d\u00ed pan Franti\u0161ek Matou\u0161, okresn\u00ed poradce chovu pan Josef Pr\u00e1\u0161il a figurant pan V\u00e1clav Kuncl.<\/p>\n\n\n\n<div class=\"wp-block-columns is-layout-flex wp-container-core-columns-is-layout-1 wp-block-columns-is-layout-flex\">\n<div class=\"wp-block-column is-layout-flow wp-block-column-is-layout-flow\">\n<div class=\"wp-block-buttons is-layout-flex wp-block-buttons-is-layout-flex\">\n<div class=\"wp-block-button\"><a class=\"wp-block-button__link wp-element-button\" href=\"http:\/\/zko-litomerice.cz\/wp-content\/uploads\/2023\/08\/vysledky-bonitace-25-6-2023-Litomerice-1-scaled.jpg\">V\u00fdsledky bonitace 1<\/a><\/div>\n<\/div>\n<\/div>\n\n\n\n<div class=\"wp-block-column is-layout-flow wp-block-column-is-layout-flow\">\n<div class=\"wp-block-buttons is-layout-flex wp-block-buttons-is-layout-flex\">\n<div class=\"wp-block-button\"><a class=\"wp-block-button__link wp-element-button\" href=\"http:\/\/zko-litomerice.cz\/wp-content\/uploads\/2023\/08\/vysledky-bonitace-25-6-2023-Litomerice-2-scaled.jpg\">V\u00fdsledky bonitace 2<\/a><\/div>\n<\/div>\n<\/div>\n\n\n\n<div class=\"wp-block-column is-layout-flow wp-block-column-is-layout-flow\">\n<div class=\"wp-block-buttons is-layout-flex wp-block-buttons-is-layout-flex\">\n<div class=\"wp-block-button\"><a class=\"wp-block-button__link wp-element-button\" href=\"http:\/\/zko-litomerice.cz\/wp-content\/uploads\/2023\/08\/vysledky-bonitace-25-6-2023-Litomerice-3-scaled.jpg\">V\u00fdsledky bonitace 3<\/a><\/div>\n<\/div>\n<\/div>\n<\/div>\n\n\n\n<p><strong>Dne 8. 7.2023 prob\u011bhla Oblastn\u00ed speci\u00e1ln\u00ed v\u00fdstava n\u011bmeck\u00fdch ov\u010d\u00e1k\u016f.<\/strong><\/p>\n\n\n\n<p>Tentokr\u00e1t byl na v\u00fdstavu pozv\u00e1n zahrani\u010dn\u00ed rozhod\u010d\u00ed SV z Rakouska pan Edgar Pertl.<br>Na v\u00fdstavu bylo nahl\u00e1\u0161eno 88 n\u011bmeck\u00fdch ov\u010d\u00e1k\u016f, 8 jedinc\u016f se nez\u00fa\u010dastnilo, tak\u017ee bylo posouzeno 80 jedinc\u016f tohoto velmi obl\u00edben\u00e9ho plemene.<br>V\u00fdstava prob\u00edhala dle \u010dasov\u00e9ho harmonogramu s jednou p\u0159est\u00e1vkou na ob\u010derstven\u00ed.<br>Kvalita posouzen\u00fdch zv\u00ed\u0159at byla na velmi vysok\u00e9 \u00farovni, douf\u00e1me, \u017ee se n\u00e1m poda\u0159\u00ed takto zabezpe\u010dit v\u00fdstavu se zahrani\u010dn\u00edm rozhod\u010d\u00edm i v roce p\u0159\u00ed\u0161t\u00edm.<br>V\u0161ichni jedinci na prvn\u00edch t\u0159ech m\u00edstech byli odm\u011bn\u011bny poh\u00e1ry a v\u011bcn\u00fdmi cenami. Po skon\u010den\u00ed akce byla ji\u017e tradi\u010dn\u011b losov\u00e1na bohat\u00e1 tombola, ve kter\u00e9 byla hlavn\u00ed cenou bouda pro psa.<br>Sponzory akce byla firma Euroben, dovozce krmiva Happy dog, Od\u011bvy Hotov\u00fd, firma SE.BA Vlastimil Baborovsk\u00fd, Sempra Litom\u011b\u0159ice, Huml n\u00e1poje a V\u011bra Brnkov\u00e1.<br>K dobr\u00e9 spokojenosti p\u0159isp\u011bla t\u00e9\u017e dob\u0159e z\u00e1soben\u00e1 kant\u00fdna.<\/p>\n\n\n\n<div class=\"wp-block-buttons is-layout-flex wp-block-buttons-is-layout-flex\">\n<div class=\"wp-block-button\"><a class=\"wp-block-button__link wp-element-button\" href=\"https:\/\/martinakaiserova.zenfoliosite.com\/zg\/vystava-no-2023\/?fbclid=IwAR3v_SXa2qB3YHZNVpFQQZf3tenJcwj0R3KpWJfffqqC9yfH3duRe_owep4\">Fotogalerie v\u00fdstava NO<\/a><\/div>\n<\/div>\n\n\n\n<div class=\"wp-block-columns is-layout-flex wp-container-core-columns-is-layout-2 wp-block-columns-is-layout-flex\">\n<div class=\"wp-block-column is-layout-flow wp-block-column-is-layout-flow\">\n<div class=\"wp-block-buttons is-layout-flex wp-block-buttons-is-layout-flex\">\n<div class=\"wp-block-button\"><a class=\"wp-block-button__link wp-element-button\" href=\"http:\/\/zko-litomerice.cz\/wp-content\/uploads\/2023\/08\/povystavni-katalog-OV-NO-Litomerice-8-7-2023-page-001-scaled.jpg\">Pov\u00fdstavn\u00ed katalog 1<\/a><\/div>\n<\/div>\n<\/div>\n\n\n\n<div class=\"wp-block-column is-layout-flow wp-block-column-is-layout-flow\">\n<div class=\"wp-block-buttons is-layout-flex wp-block-buttons-is-layout-flex\">\n<div class=\"wp-block-button\"><a class=\"wp-block-button__link wp-element-button\" href=\"http:\/\/zko-litomerice.cz\/wp-content\/uploads\/2023\/08\/povystavni-katalog-OV-NO-Litomerice-8-7-2023-page-002-scaled.jpg\">Pov\u00fdstavn\u00ed katalog 2<\/a><\/div>\n<\/div>\n<\/div>\n\n\n\n<div class=\"wp-block-column is-layout-flow wp-block-column-is-layout-flow\">\n<div class=\"wp-block-buttons is-layout-flex wp-block-buttons-is-layout-flex\">\n<div class=\"wp-block-button\"><a class=\"wp-block-button__link wp-element-button\" href=\"http:\/\/zko-litomerice.cz\/wp-content\/uploads\/2023\/08\/povystavni-katalog-OV-NO-Litomerice-8-7-2023-page-003-scaled.jpg\">Pov\u00fdstavn\u00ed katalog 3<\/a><\/div>\n<\/div>\n<\/div>\n<\/div>\n\n\n\n<figure class=\"wp-block-gallery has-nested-images columns-default is-cropped wp-block-gallery-1 is-layout-flex wp-block-gallery-is-layout-flex\">\n<figure class=\"wp-block-image size-large\"><a href=\"http:\/\/zko-litomerice.cz\/wp-content\/uploads\/2023\/08\/674A3583-2.jpg\"><img loading=\"lazy\" decoding=\"async\" width=\"1024\" height=\"722\" data-id=\"8637\" src=\"http:\/\/zko-litomerice.cz\/wp-content\/uploads\/2023\/08\/674A3583-2-1024x722.jpg\" alt=\"\" class=\"wp-image-8637\" srcset=\"https:\/\/zko-litomerice.cz\/wp-content\/uploads\/2023\/08\/674A3583-2-1024x722.jpg 1024w, https:\/\/zko-litomerice.cz\/wp-content\/uploads\/2023\/08\/674A3583-2-300x211.jpg 300w, https:\/\/zko-litomerice.cz\/wp-content\/uploads\/2023\/08\/674A3583-2-768x541.jpg 768w, https:\/\/zko-litomerice.cz\/wp-content\/uploads\/2023\/08\/674A3583-2-1536x1082.jpg 1536w, https:\/\/zko-litomerice.cz\/wp-content\/uploads\/2023\/08\/674A3583-2-2048x1443.jpg 2048w\" sizes=\"(max-width: 767px) 89vw, (max-width: 1000px) 54vw, (max-width: 1071px) 543px, 580px\" \/><\/a><\/figure>\n\n\n\n<figure class=\"wp-block-image size-large\"><a href=\"http:\/\/zko-litomerice.cz\/wp-content\/uploads\/2023\/08\/674A3744-scaled.jpg\"><img loading=\"lazy\" decoding=\"async\" width=\"1024\" height=\"683\" data-id=\"8633\" src=\"http:\/\/zko-litomerice.cz\/wp-content\/uploads\/2023\/08\/674A3744-1024x683.jpg\" alt=\"\" class=\"wp-image-8633\" srcset=\"https:\/\/zko-litomerice.cz\/wp-content\/uploads\/2023\/08\/674A3744-1024x683.jpg 1024w, https:\/\/zko-litomerice.cz\/wp-content\/uploads\/2023\/08\/674A3744-300x200.jpg 300w, https:\/\/zko-litomerice.cz\/wp-content\/uploads\/2023\/08\/674A3744-768x512.jpg 768w, https:\/\/zko-litomerice.cz\/wp-content\/uploads\/2023\/08\/674A3744-1536x1025.jpg 1536w, https:\/\/zko-litomerice.cz\/wp-content\/uploads\/2023\/08\/674A3744-2048x1366.jpg 2048w\" sizes=\"(max-width: 767px) 89vw, (max-width: 1000px) 54vw, (max-width: 1071px) 543px, 580px\" \/><\/a><\/figure>\n\n\n\n<figure class=\"wp-block-image size-large\"><a href=\"http:\/\/zko-litomerice.cz\/wp-content\/uploads\/2023\/08\/674A3588-2-scaled.jpg\"><img loading=\"lazy\" decoding=\"async\" width=\"1024\" height=\"683\" data-id=\"8635\" src=\"http:\/\/zko-litomerice.cz\/wp-content\/uploads\/2023\/08\/674A3588-2-1024x683.jpg\" alt=\"\" class=\"wp-image-8635\" srcset=\"https:\/\/zko-litomerice.cz\/wp-content\/uploads\/2023\/08\/674A3588-2-1024x683.jpg 1024w, https:\/\/zko-litomerice.cz\/wp-content\/uploads\/2023\/08\/674A3588-2-300x200.jpg 300w, https:\/\/zko-litomerice.cz\/wp-content\/uploads\/2023\/08\/674A3588-2-768x512.jpg 768w, https:\/\/zko-litomerice.cz\/wp-content\/uploads\/2023\/08\/674A3588-2-1536x1025.jpg 1536w, https:\/\/zko-litomerice.cz\/wp-content\/uploads\/2023\/08\/674A3588-2-2048x1366.jpg 2048w\" sizes=\"(max-width: 767px) 89vw, (max-width: 1000px) 54vw, (max-width: 1071px) 543px, 580px\" \/><\/a><\/figure>\n<\/figure>\n","protected":false},"excerpt":{"rendered":"<p>Dne 25.06.2023 prob\u011bhla letos prvn\u00ed bonitace S-\u010cKNO. Bonitace se z\u00fa\u010dastnilo 18 jedinc\u016f plemene n\u011bmeck\u00fd ov\u010d\u00e1k, jeden pes bohu\u017eel musel b\u00fdt za\u0159azen do kontrolovan\u00e9ho chovu z d\u016fvodu nespln\u011bn\u00ed zkou\u0161ky povahy, ostatn\u00ed jedinci byli za\u0159azeni do v\u00fdb\u011brov\u00e9ho chovu.Bonita\u010dn\u00ed komisi tvo\u0159ili: hlavn\u00ed rozhod\u010d\u00ed pan Franti\u0161ek Matou\u0161, okresn\u00ed poradce chovu pan Josef Pr\u00e1\u0161il a figurant pan V\u00e1clav Kuncl. Dne &hellip; <\/p>\n<p class=\"link-more\"><a href=\"https:\/\/zko-litomerice.cz\/index.php\/aktuality-2\/\" class=\"more-link\">Pokra\u010dovat ve \u010dten\u00ed<span class=\"screen-reader-text\"> &#8222;1. Bonitace NO 2023&#8220;<\/span><\/a><\/p>\n","protected":false},"author":1,"featured_media":0,"parent":0,"menu_order":0,"comment_status":"closed","ping_status":"closed","template":"","meta":{"footnotes":""},"class_list":["post-8621","page","type-page","status-publish","hentry"],"_links":{"self":[{"href":"https:\/\/zko-litomerice.cz\/index.php\/wp-json\/wp\/v2\/pages\/8621"}],"collection":[{"href":"https:\/\/zko-litomerice.cz\/index.php\/wp-json\/wp\/v2\/pages"}],"about":[{"href":"https:\/\/zko-litomerice.cz\/index.php\/wp-json\/wp\/v2\/types\/page"}],"author":[{"embeddable":true,"href":"https:\/\/zko-litomerice.cz\/index.php\/wp-json\/wp\/v2\/users\/1"}],"replies":[{"embeddable":true,"href":"https:\/\/zko-litomerice.cz\/index.php\/wp-json\/wp\/v2\/comments?post=8621"}],"version-history":[{"count":5,"href":"https:\/\/zko-litomerice.cz\/index.php\/wp-json\/wp\/v2\/pages\/8621\/revisions"}],"predecessor-version":[{"id":8664,"href":"https:\/\/zko-litomerice.cz\/index.php\/wp-json\/wp\/v2\/pages\/8621\/revisions\/8664"}],"wp:attachment":[{"href":"https:\/\/zko-litomerice.cz\/index.php\/wp-json\/wp\/v2\/media?parent=8621"}],"curies":[{"name":"wp","href":"https:\/\/api.w.org\/{rel}","templated":true}]}}