{"id":8541,"date":"2023-04-20T09:44:06","date_gmt":"2023-04-20T07:44:06","guid":{"rendered":"http:\/\/zko-litomerice.cz\/?page_id=8541"},"modified":"2023-04-20T09:44:06","modified_gmt":"2023-04-20T07:44:06","slug":"letni-vycvikovy-tabor-2010-2","status":"publish","type":"page","link":"https:\/\/zko-litomerice.cz\/index.php\/letni-vycvikovy-tabor-2010-2\/","title":{"rendered":"Letn\u00ed v\u00fdcvikov\u00fd t\u00e1bor 2010"},"content":{"rendered":"\n<p>\u00a0<strong>V m\u011bs\u00edci \u010dervenci 2010 prob\u011bhl na na\u0161em kynologick\u00e9m cvi\u010di\u0161ti ji\u017e po dvan\u00e1ct\u00e9 tradi\u010dn\u00ed letn\u00ed v\u00fdcvikov\u00fd t\u00e1bor,<\/strong><\/p>\n\n\n\n<p>kter\u00e9ho se v leto\u0161n\u00edm roce z\u00fa\u010dastnilo 43 \u00fa\u010dastn\u00edk\u016f z r\u016fzn\u00fdch kout\u016f na\u0161\u00ed republiky. T\u00e1bor prob\u011bhl ve dvou \u010dtrn\u00e1ctidenn\u00edch turnusech se zam\u011b\u0159en\u00edm na v\u00fdcvik ps\u016f ve sportovn\u00ed kynologii a agility. V\u00fdcvik sportovn\u00ed kynologie byl rozd\u011blen na \u00fapln\u011b za\u010d\u00ednaj\u00edc\u00ed a pokro\u010dil\u00e9 psovody. Ob\u011bma skupin\u00e1m se v\u011bnovali v\u00fdcvik\u00e1\u0159i individu\u00e1ln\u011b. Pokro\u010dil\u00ed psovodi si pak mohli v pr\u016fb\u011bhu letn\u00edho v\u00fdcvikov\u00e9ho t\u00e1bora slo\u017eit se sv\u00fdm pejskem zkou\u0161ku z v\u00fdkonu dle n\u00e1rodn\u00edho nebo mezin\u00e1rodn\u00edho zku\u0161ebn\u00edho \u0159\u00e1du a velk\u00e1 v\u011bt\u0161ina z nich t\u00e9to \u0161ance tak\u00e9 vyu\u017eila. Pro zpest\u0159en\u00ed ka\u017edodenn\u00edho v\u00fdcviku byl v r\u00e1mci LVT uspo\u0159\u00e1d\u00e1n tak\u00e9 t\u00e1borov\u00fd z\u00e1vod, v n\u011bm\u017e si v\u0161ichni \u00fa\u010dastn\u00edci prov\u011b\u0159ili zvl\u00e1dnut\u00ed cvik\u016f z\u00e1kladn\u00ed poslu\u0161nosti a v neposledn\u00ed \u0159ad\u011b si u\u017eili mnoho z\u00e1bavy p\u0159i speci\u00e1ln\u00edch cvic\u00edch pro psovody. Ka\u017ed\u00fd z \u00fa\u010dastn\u00edk\u016f byl odm\u011bn\u011bn diplomem a cenami, kter\u00e9 na\u0161\u00ed organizaci ka\u017edoro\u010dn\u011b poskytuje firma <strong>Euroben<\/strong>, v\u00fdhradn\u00ed dovozce krmiva Happy dog. Sv\u016fj voln\u00fd \u010das vypl\u0148ovali t\u00e1born\u00edci v tepl\u00fdch letn\u00edch dnech koup\u00e1n\u00edm v nedalek\u00e9 \u0159ece Oh\u0159i, ve ve\u010dern\u00edch hodin\u00e1ch zase posezen\u00edm p\u0159i kyta\u0159e a zp\u011bvu. Kant\u00fdna byla dostupn\u00e1 v\u0161em \u00fa\u010dastn\u00edk\u016fm po cel\u00fd den a\u017e do p\u016flnoci, a tak posezen\u00ed p\u0159i dobr\u00e9m to\u010den\u00e9m pive\u010dku bylo \u010dast\u00fdm vypln\u011bn\u00edm voln\u00e9ho \u010dasu a vhodnou p\u0159\u00edle\u017eitost\u00ed k p\u0159ed\u00e1v\u00e1n\u00ed zku\u0161enost\u00ed.<\/p>\n\n\n\n<figure class=\"wp-block-gallery has-nested-images columns-default is-cropped wp-block-gallery-1 is-layout-flex wp-block-gallery-is-layout-flex\">\n<figure class=\"wp-block-image size-large\"><a href=\"http:\/\/zko-litomerice.cz\/wp-content\/uploads\/2023\/04\/1t2010.jpg\"><img loading=\"lazy\" decoding=\"async\" width=\"900\" height=\"517\" data-id=\"8543\" src=\"http:\/\/zko-litomerice.cz\/wp-content\/uploads\/2023\/04\/1t2010.jpg\" alt=\"\" class=\"wp-image-8543\" srcset=\"https:\/\/zko-litomerice.cz\/wp-content\/uploads\/2023\/04\/1t2010.jpg 900w, https:\/\/zko-litomerice.cz\/wp-content\/uploads\/2023\/04\/1t2010-300x172.jpg 300w, https:\/\/zko-litomerice.cz\/wp-content\/uploads\/2023\/04\/1t2010-768x441.jpg 768w\" sizes=\"(max-width: 767px) 89vw, (max-width: 1000px) 54vw, (max-width: 1071px) 543px, 580px\" \/><\/a><\/figure>\n\n\n\n<figure class=\"wp-block-image size-large\"><a href=\"http:\/\/zko-litomerice.cz\/wp-content\/uploads\/2023\/04\/4t2010.jpg\"><img loading=\"lazy\" decoding=\"async\" width=\"600\" height=\"450\" data-id=\"8542\" src=\"http:\/\/zko-litomerice.cz\/wp-content\/uploads\/2023\/04\/4t2010.jpg\" alt=\"\" class=\"wp-image-8542\" srcset=\"https:\/\/zko-litomerice.cz\/wp-content\/uploads\/2023\/04\/4t2010.jpg 600w, https:\/\/zko-litomerice.cz\/wp-content\/uploads\/2023\/04\/4t2010-300x225.jpg 300w\" sizes=\"(max-width: 600px) 100vw, 600px\" \/><\/a><\/figure>\n\n\n\n<figure class=\"wp-block-image size-large\"><a href=\"http:\/\/zko-litomerice.cz\/wp-content\/uploads\/2023\/04\/2t2010.jpg\"><img loading=\"lazy\" decoding=\"async\" width=\"900\" height=\"506\" data-id=\"8544\" src=\"http:\/\/zko-litomerice.cz\/wp-content\/uploads\/2023\/04\/2t2010.jpg\" alt=\"\" class=\"wp-image-8544\" srcset=\"https:\/\/zko-litomerice.cz\/wp-content\/uploads\/2023\/04\/2t2010.jpg 900w, https:\/\/zko-litomerice.cz\/wp-content\/uploads\/2023\/04\/2t2010-300x169.jpg 300w, https:\/\/zko-litomerice.cz\/wp-content\/uploads\/2023\/04\/2t2010-768x432.jpg 768w\" sizes=\"(max-width: 767px) 89vw, (max-width: 1000px) 54vw, (max-width: 1071px) 543px, 580px\" \/><\/a><\/figure>\n\n\n\n<figure class=\"wp-block-image size-large\"><a href=\"http:\/\/zko-litomerice.cz\/wp-content\/uploads\/2023\/04\/3t2010.jpg\"><img loading=\"lazy\" decoding=\"async\" width=\"900\" height=\"506\" data-id=\"8545\" src=\"http:\/\/zko-litomerice.cz\/wp-content\/uploads\/2023\/04\/3t2010.jpg\" alt=\"\" class=\"wp-image-8545\" srcset=\"https:\/\/zko-litomerice.cz\/wp-content\/uploads\/2023\/04\/3t2010.jpg 900w, https:\/\/zko-litomerice.cz\/wp-content\/uploads\/2023\/04\/3t2010-300x169.jpg 300w, https:\/\/zko-litomerice.cz\/wp-content\/uploads\/2023\/04\/3t2010-768x432.jpg 768w\" sizes=\"(max-width: 767px) 89vw, (max-width: 1000px) 54vw, (max-width: 1071px) 543px, 580px\" \/><\/a><\/figure>\n<\/figure>\n\n\n\n<div class=\"wp-block-buttons is-layout-flex wp-block-buttons-is-layout-flex\">\n<div class=\"wp-block-button\"><a class=\"wp-block-button__link wp-element-button\" href=\"http:\/\/zko-litomerice.cz\/index.php\/letni-vycvikovy-tabor-2010\/\">Fotogalerie<\/a><\/div>\n<\/div>\n","protected":false},"excerpt":{"rendered":"<p>\u00a0V m\u011bs\u00edci \u010dervenci 2010 prob\u011bhl na na\u0161em kynologick\u00e9m cvi\u010di\u0161ti ji\u017e po dvan\u00e1ct\u00e9 tradi\u010dn\u00ed letn\u00ed v\u00fdcvikov\u00fd t\u00e1bor, kter\u00e9ho se v leto\u0161n\u00edm roce z\u00fa\u010dastnilo 43 \u00fa\u010dastn\u00edk\u016f z r\u016fzn\u00fdch kout\u016f na\u0161\u00ed republiky. T\u00e1bor prob\u011bhl ve dvou \u010dtrn\u00e1ctidenn\u00edch turnusech se zam\u011b\u0159en\u00edm na v\u00fdcvik ps\u016f ve sportovn\u00ed kynologii a agility. V\u00fdcvik sportovn\u00ed kynologie byl rozd\u011blen na \u00fapln\u011b za\u010d\u00ednaj\u00edc\u00ed a pokro\u010dil\u00e9 &hellip; <\/p>\n<p class=\"link-more\"><a href=\"https:\/\/zko-litomerice.cz\/index.php\/letni-vycvikovy-tabor-2010-2\/\" class=\"more-link\">Pokra\u010dovat ve \u010dten\u00ed<span class=\"screen-reader-text\"> &#8222;Letn\u00ed v\u00fdcvikov\u00fd t\u00e1bor 2010&#8220;<\/span><\/a><\/p>\n","protected":false},"author":1,"featured_media":0,"parent":0,"menu_order":0,"comment_status":"closed","ping_status":"closed","template":"","meta":{"footnotes":""},"class_list":["post-8541","page","type-page","status-publish","hentry"],"_links":{"self":[{"href":"https:\/\/zko-litomerice.cz\/index.php\/wp-json\/wp\/v2\/pages\/8541"}],"collection":[{"href":"https:\/\/zko-litomerice.cz\/index.php\/wp-json\/wp\/v2\/pages"}],"about":[{"href":"https:\/\/zko-litomerice.cz\/index.php\/wp-json\/wp\/v2\/types\/page"}],"author":[{"embeddable":true,"href":"https:\/\/zko-litomerice.cz\/index.php\/wp-json\/wp\/v2\/users\/1"}],"replies":[{"embeddable":true,"href":"https:\/\/zko-litomerice.cz\/index.php\/wp-json\/wp\/v2\/comments?post=8541"}],"version-history":[{"count":1,"href":"https:\/\/zko-litomerice.cz\/index.php\/wp-json\/wp\/v2\/pages\/8541\/revisions"}],"predecessor-version":[{"id":8546,"href":"https:\/\/zko-litomerice.cz\/index.php\/wp-json\/wp\/v2\/pages\/8541\/revisions\/8546"}],"wp:attachment":[{"href":"https:\/\/zko-litomerice.cz\/index.php\/wp-json\/wp\/v2\/media?parent=8541"}],"curies":[{"name":"wp","href":"https:\/\/api.w.org\/{rel}","templated":true}]}}