{"id":8489,"date":"2023-04-20T08:24:40","date_gmt":"2023-04-20T06:24:40","guid":{"rendered":"http:\/\/zko-litomerice.cz\/?page_id=8489"},"modified":"2023-04-20T08:24:40","modified_gmt":"2023-04-20T06:24:40","slug":"obranarsky-zavod-2013-2","status":"publish","type":"page","link":"https:\/\/zko-litomerice.cz\/index.php\/obranarsky-zavod-2013-2\/","title":{"rendered":"Obran\u00e1\u0159sk\u00fd z\u00e1vod 2013"},"content":{"rendered":"\n<p><strong>Dne 2. 3. 2013 prob\u011bhl na cvi\u010di\u0161ti ZKO Litom\u011b\u0159ice ji\u017e 9. ro\u010dn\u00edk obran\u00e1\u0159sk\u00e9ho z\u00e1vodu.<\/strong> <\/p>\n\n\n\n<p>Z\u00e1vod se st\u00e1v\u00e1 st\u00e1le obl\u00edben\u011bj\u0161\u00ed akc\u00ed mezi kynology, o \u010dem\u017e sv\u011bd\u010d\u00ed ka\u017ed\u00fdm rokem stoupaj\u00edc\u00ed po\u010det p\u0159ihl\u00e1\u0161en\u00fdch z\u00e1vodn\u00edk\u016f ve v\u0161ech kategori\u00edch. V leto\u0161n\u00edm roce se z\u00e1vodu z\u00fa\u010dastnilo rekordn\u00edch 48 z\u00e1vodn\u00edk\u016f v kategori\u00edch dle NZ\u0158: ZZO,ZM,ZVV1 a ZVV2 beze stop a speci\u00e1ln\u00edch discipl\u00edn.\u00a0 Z\u00e1vod posuzoval jako v letech minul\u00fdch rozhod\u010d\u00ed\u00a0 1.t\u0159\u00eddy pan Ji\u0159\u00ed Pru\u017eina, kter\u00fd se sv\u00e9ho \u00fakolu zhostil velmi zodpov\u011bdn\u011b a po cel\u00fd den jen s jedinou malou p\u0159est\u00e1vkou ne\u00fanavn\u011b posuzoval\u00a0 z\u00e1vodn\u00edky, kte\u0159\u00ed nastupovali dle vylosovan\u00fdch \u010d\u00edsel k jednotliv\u00fdm cvik\u016fm poslu\u0161nosti i obran. Funkce figuranta se zhostil figurant 1. t\u0159\u00eddy pan David Plicka. D\u00edky dobr\u00e9 organizaci a ob\u011btav\u00e9mu posuzov\u00e1n\u00ed pana rozhod\u010d\u00edho znali v\u0161ichni z\u00e1vodn\u00edci sv\u00e9 bodov\u00e9 ohodnocen\u00ed i p\u0159es takto bohatou \u00fa\u010dast ji\u017e kolem 15 hodiny.\u00a0\u00a0\u00a0 K dobr\u00e9 pohod\u011b jist\u011b p\u0159isp\u011bl i prvn\u00ed kr\u00e1sn\u00fd slune\u010dn\u00fd den leto\u0161n\u00edho roku a dobr\u00e1 kant\u00fdna, kter\u00e1 nab\u00edzela po cel\u00fd den bohat\u00fd v\u00fdb\u011br dom\u00e1c\u00edch j\u00eddel. P\u0159e\u010dkat tak hodinku, ne\u017e organiz\u00e1to\u0159i\u00a0 p\u0159ipravili kone\u010dn\u00e9 vyhl\u00e1\u0161en\u00ed v\u00fdsledk\u016f, bylo p\u0159\u00edjemn\u00fdm prostorem pro ob\u011bd, posezen\u00ed a pokec mezi z\u00fa\u010dastn\u011bn\u00fdmi.\u00a0\u00a0\u00a0 Hlavn\u00edm sponzorem cel\u00e9 akce byla firma <strong>Euroben<\/strong>, v\u00fdhradn\u00ed dovozce krmiva Happy dog, kter\u00e1 jako ka\u017ed\u00fd rok p\u0159ipravila pro z\u00e1vodn\u00edky velk\u00e9 mno\u017estv\u00ed kr\u00e1sn\u00fdch a hodnotn\u00fdch cen. Odpoledne kolem 16. hodiny pak byly vyhl\u00e1\u0161eny v\u00fdsledky cel\u00e9 akce, v\u010detn\u011b vyhl\u00e1\u0161en\u00ed nejlep\u0161\u00edho obran\u00e1\u0159e z\u00e1vodu roku 2013, j\u00edm\u017e se stala Marcela Plickov\u00e1 s fenou Bonetou.\u00a0\u00a0\u00a0 V\u0161ichni z\u00e1vodn\u00edci byli ocen\u011bni diplomem a d\u00e1rkovou ta\u0161kou od v\u00fd\u0161e zm\u00edn\u011bn\u00e9 firmy. Z\u00e1vodn\u00edci do \u0161est\u00e9ho m\u00edsta pak byli odm\u011bn\u011bni v\u011bcn\u00fdmi cenami a z\u00e1vodn\u00edci na prvn\u00edch t\u0159ech m\u00edstech i kr\u00e1sn\u00fdmi poh\u00e1ry. Poh\u00e1rem a v\u011bcnou cenou byl odm\u011bn\u011bn t\u00e9\u017e nejlep\u0161\u00ed obran\u00e1\u0159 z\u00e1vodu.\u00a0 Jako organiz\u00e1to\u0159i v\u011b\u0159\u00edme, \u017ee se z\u00e1vod dle ohlas\u016f na ve\u0159ejn\u00e9m port\u00e1lu facebook velmi l\u00edbil a budeme se t\u011b\u0161it na p\u0159\u00edze\u0148 v\u0161ech i p\u0159\u00ed\u0161t\u00edm roce, kdy prob\u011bhne jubilejn\u00ed 10. ro\u010dn\u00edk.<\/p>\n\n\n\n<div class=\"wp-block-buttons is-layout-flex wp-block-buttons-is-layout-flex\">\n<div class=\"wp-block-button\"><a class=\"wp-block-button__link wp-element-button\" href=\"http:\/\/zko-litomerice.cz\/wp-content\/uploads\/2023\/04\/zavod2013_vysledky.docx\">V\u00fdsledky z\u00e1vodu<\/a><\/div>\n<\/div>\n\n\n\n<p><\/p>\n\n\n\n<figure class=\"wp-block-image size-large\"><a href=\"http:\/\/zko-litomerice.cz\/wp-content\/uploads\/2023\/04\/zavod2013.jpg\"><img loading=\"lazy\" decoding=\"async\" width=\"1024\" height=\"683\" src=\"http:\/\/zko-litomerice.cz\/wp-content\/uploads\/2023\/04\/zavod2013-1024x683.jpg\" alt=\"\" class=\"wp-image-8491\" srcset=\"https:\/\/zko-litomerice.cz\/wp-content\/uploads\/2023\/04\/zavod2013-1024x683.jpg 1024w, https:\/\/zko-litomerice.cz\/wp-content\/uploads\/2023\/04\/zavod2013-300x200.jpg 300w, https:\/\/zko-litomerice.cz\/wp-content\/uploads\/2023\/04\/zavod2013-768x512.jpg 768w, https:\/\/zko-litomerice.cz\/wp-content\/uploads\/2023\/04\/zavod2013.jpg 1090w\" sizes=\"(max-width: 767px) 89vw, (max-width: 1000px) 54vw, (max-width: 1071px) 543px, 580px\" \/><\/a><\/figure>\n\n\n\n<p><strong>Fotogalerie ze z\u00e1vodu:<\/strong><\/p>\n\n\n\n<div class=\"wp-block-buttons is-layout-flex wp-block-buttons-is-layout-flex\">\n<div class=\"wp-block-button\"><a class=\"wp-block-button__link wp-element-button\" href=\"http:\/\/zko-litomerice.cz\/index.php\/obranarsky-zavod-2013\/\">1. fotogalerie<\/a><\/div>\n\n\n\n<div class=\"wp-block-button\"><a class=\"wp-block-button__link wp-element-button\" href=\"https:\/\/kelsun.rajce.idnes.cz\/2.3.2013_-_9.Obranarsky_zavod_Litomerice\">2. fotogalerie<\/a><\/div>\n<\/div>\n","protected":false},"excerpt":{"rendered":"<p>Dne 2. 3. 2013 prob\u011bhl na cvi\u010di\u0161ti ZKO Litom\u011b\u0159ice ji\u017e 9. ro\u010dn\u00edk obran\u00e1\u0159sk\u00e9ho z\u00e1vodu. Z\u00e1vod se st\u00e1v\u00e1 st\u00e1le obl\u00edben\u011bj\u0161\u00ed akc\u00ed mezi kynology, o \u010dem\u017e sv\u011bd\u010d\u00ed ka\u017ed\u00fdm rokem stoupaj\u00edc\u00ed po\u010det p\u0159ihl\u00e1\u0161en\u00fdch z\u00e1vodn\u00edk\u016f ve v\u0161ech kategori\u00edch. V leto\u0161n\u00edm roce se z\u00e1vodu z\u00fa\u010dastnilo rekordn\u00edch 48 z\u00e1vodn\u00edk\u016f v kategori\u00edch dle NZ\u0158: ZZO,ZM,ZVV1 a ZVV2 beze stop a speci\u00e1ln\u00edch discipl\u00edn.\u00a0 &hellip; <\/p>\n<p class=\"link-more\"><a href=\"https:\/\/zko-litomerice.cz\/index.php\/obranarsky-zavod-2013-2\/\" class=\"more-link\">Pokra\u010dovat ve \u010dten\u00ed<span class=\"screen-reader-text\"> &#8222;Obran\u00e1\u0159sk\u00fd z\u00e1vod 2013&#8220;<\/span><\/a><\/p>\n","protected":false},"author":1,"featured_media":0,"parent":0,"menu_order":0,"comment_status":"closed","ping_status":"closed","template":"","meta":{"footnotes":""},"class_list":["post-8489","page","type-page","status-publish","hentry"],"_links":{"self":[{"href":"https:\/\/zko-litomerice.cz\/index.php\/wp-json\/wp\/v2\/pages\/8489"}],"collection":[{"href":"https:\/\/zko-litomerice.cz\/index.php\/wp-json\/wp\/v2\/pages"}],"about":[{"href":"https:\/\/zko-litomerice.cz\/index.php\/wp-json\/wp\/v2\/types\/page"}],"author":[{"embeddable":true,"href":"https:\/\/zko-litomerice.cz\/index.php\/wp-json\/wp\/v2\/users\/1"}],"replies":[{"embeddable":true,"href":"https:\/\/zko-litomerice.cz\/index.php\/wp-json\/wp\/v2\/comments?post=8489"}],"version-history":[{"count":2,"href":"https:\/\/zko-litomerice.cz\/index.php\/wp-json\/wp\/v2\/pages\/8489\/revisions"}],"predecessor-version":[{"id":8493,"href":"https:\/\/zko-litomerice.cz\/index.php\/wp-json\/wp\/v2\/pages\/8489\/revisions\/8493"}],"wp:attachment":[{"href":"https:\/\/zko-litomerice.cz\/index.php\/wp-json\/wp\/v2\/media?parent=8489"}],"curies":[{"name":"wp","href":"https:\/\/api.w.org\/{rel}","templated":true}]}}