{"id":8476,"date":"2023-04-19T20:18:31","date_gmt":"2023-04-19T18:18:31","guid":{"rendered":"http:\/\/zko-litomerice.cz\/?page_id=8476"},"modified":"2023-04-19T20:18:31","modified_gmt":"2023-04-19T18:18:31","slug":"krajska-specialni-vystava-no-2013","status":"publish","type":"page","link":"https:\/\/zko-litomerice.cz\/index.php\/krajska-specialni-vystava-no-2013\/","title":{"rendered":"Krajsk\u00e1 speci\u00e1ln\u00ed v\u00fdstava NO 2013"},"content":{"rendered":"\n<p><strong>Dne 23.6. 2013 se uskute\u010dnila na cvi\u010di\u0161ti Krajsk\u00e1 speci\u00e1ln\u00ed v\u00fdstava NO.<\/strong><\/p>\n\n\n\n<p>Akce prob\u011bhla pouh\u00fdch 14 dn\u00ed po z\u00e1plav\u00e1ch, kter\u00e9 postihly na\u0161e cvi\u010di\u0161t\u011b. Cvi\u010di\u0161t\u011b sice nebylo je\u0161t\u011b zcela p\u0159\u00edstupn\u00e9 z d\u016fvodu podm\u00e1\u010den\u00ed n\u011bkter\u00fdch \u010d\u00e1st\u00ed pozemku, ale budovu ZKO se poda\u0159ilo b\u011bhem t\u00e9to kr\u00e1tk\u00e9 doby zcela zprovoznit d\u00edky ob\u011btav\u00e9 pr\u00e1ci \u010dlen\u016f a p\u0159\u00e1tel klubu\u00a0 a t\u00e9\u017e d\u00edky poskytnut\u00e9 finan\u010dn\u00ed a hmotn\u00e9 pomoci. D\u00edky nep\u0159\u00edstupnosti n\u011bkter\u00fdch ploch bylo pro \u00fa\u010dastn\u00edky omezeno jen parkov\u00e1n\u00ed vozidel, ostatn\u00ed z\u00e1zem\u00ed bylo poskytnuto v pln\u00e9m rozsahu jako v letech minul\u00fdch, v\u010detn\u011b z\u00e1soben\u00e9 kant\u00fdny. <strong>V\u00fdstavu posuzoval rozhod\u010d\u00ed z exteri\u00e9ru pan Ji\u0159\u00ed \u0160i\u0161ka, kter\u00fd se vzdal sv\u00e9ho honor\u00e1\u0159e za posuzn\u00e9. Organizace touto cestou panu rozhod\u010d\u00edmu d\u011bkuje za vst\u0159\u00edcn\u00fd p\u0159\u00edstup.<\/strong> Na akci bylo p\u0159ihl\u00e1\u0161eno 52 ps\u016f, posouzeno bylo 47. Pro vystavovatele bylo zabezpe\u010deno mnoho p\u011bkn\u00fdch cen, v\u0161ichni \u00fa\u010dastn\u00edci od 1. -3. m\u00edsta byli ocen\u011bni poh\u00e1ry a v\u011bcn\u00fdmi cenami, ve t\u0159\u00edd\u011b pracovn\u00edch ps\u016f i fen dokonce do m\u00edsta p\u00e1t\u00e9ho.<\/p>\n\n\n\n<p>Po ukon\u010den\u00ed akce byla losov\u00e1na bohat\u00e1 tombola, ve kter\u00e9 bylo t\u00e9\u017e mnoho p\u011bkn\u00fdch cen, v\u010detn\u011b hlavn\u00ed ceny v\u00fdstavy-zateplen\u00e9 boudy pro psa. <strong>Hlavn\u00edm sponzorem akce byla firma Euroben, v\u00fdhradn\u00ed dovozce krmiva pro psy Happy dog a Kynologick\u00e1 agentura, s.r.o.<\/strong><\/p>\n\n\n\n<div class=\"wp-block-buttons is-layout-flex wp-block-buttons-is-layout-flex\">\n<div class=\"wp-block-button\"><a class=\"wp-block-button__link wp-element-button\" href=\"http:\/\/zko-litomerice.cz\/wp-content\/uploads\/2023\/04\/vysledky_kv_litomerice2013.pdf\">V\u00fdsledky v\u00fdstavy<\/a><\/div>\n<\/div>\n\n\n\n<p><\/p>\n\n\n\n<figure class=\"wp-block-gallery has-nested-images columns-default is-cropped wp-block-gallery-1 is-layout-flex wp-block-gallery-is-layout-flex\">\n<figure class=\"wp-block-image size-large\"><a href=\"http:\/\/zko-litomerice.cz\/wp-content\/uploads\/2023\/04\/2kv_lito23062013.jpg\"><img loading=\"lazy\" decoding=\"async\" width=\"747\" height=\"500\" data-id=\"8480\" src=\"http:\/\/zko-litomerice.cz\/wp-content\/uploads\/2023\/04\/2kv_lito23062013.jpg\" alt=\"\" class=\"wp-image-8480\" srcset=\"https:\/\/zko-litomerice.cz\/wp-content\/uploads\/2023\/04\/2kv_lito23062013.jpg 747w, https:\/\/zko-litomerice.cz\/wp-content\/uploads\/2023\/04\/2kv_lito23062013-300x201.jpg 300w\" sizes=\"(max-width: 706px) 89vw, (max-width: 767px) 82vw, 740px\" \/><\/a><\/figure>\n\n\n\n<figure class=\"wp-block-image size-large\"><a href=\"http:\/\/zko-litomerice.cz\/wp-content\/uploads\/2023\/04\/3kv_lito23062013.jpg\"><img loading=\"lazy\" decoding=\"async\" width=\"747\" height=\"500\" data-id=\"8478\" src=\"http:\/\/zko-litomerice.cz\/wp-content\/uploads\/2023\/04\/3kv_lito23062013.jpg\" alt=\"\" class=\"wp-image-8478\" srcset=\"https:\/\/zko-litomerice.cz\/wp-content\/uploads\/2023\/04\/3kv_lito23062013.jpg 747w, https:\/\/zko-litomerice.cz\/wp-content\/uploads\/2023\/04\/3kv_lito23062013-300x201.jpg 300w\" sizes=\"(max-width: 706px) 89vw, (max-width: 767px) 82vw, 740px\" \/><\/a><\/figure>\n\n\n\n<figure class=\"wp-block-image size-large\"><a href=\"http:\/\/zko-litomerice.cz\/wp-content\/uploads\/2023\/04\/1kv_lito23062013.jpg\"><img loading=\"lazy\" decoding=\"async\" width=\"746\" height=\"500\" data-id=\"8479\" src=\"http:\/\/zko-litomerice.cz\/wp-content\/uploads\/2023\/04\/1kv_lito23062013.jpg\" alt=\"\" class=\"wp-image-8479\" srcset=\"https:\/\/zko-litomerice.cz\/wp-content\/uploads\/2023\/04\/1kv_lito23062013.jpg 746w, https:\/\/zko-litomerice.cz\/wp-content\/uploads\/2023\/04\/1kv_lito23062013-300x201.jpg 300w\" sizes=\"(max-width: 706px) 89vw, (max-width: 767px) 82vw, 740px\" \/><\/a><\/figure>\n\n\n\n<figure class=\"wp-block-image size-large\"><a href=\"http:\/\/zko-litomerice.cz\/wp-content\/uploads\/2023\/04\/4kv_lito23062013.jpg\"><img loading=\"lazy\" decoding=\"async\" width=\"747\" height=\"500\" data-id=\"8481\" src=\"http:\/\/zko-litomerice.cz\/wp-content\/uploads\/2023\/04\/4kv_lito23062013.jpg\" alt=\"\" class=\"wp-image-8481\" srcset=\"https:\/\/zko-litomerice.cz\/wp-content\/uploads\/2023\/04\/4kv_lito23062013.jpg 747w, https:\/\/zko-litomerice.cz\/wp-content\/uploads\/2023\/04\/4kv_lito23062013-300x201.jpg 300w\" sizes=\"(max-width: 706px) 89vw, (max-width: 767px) 82vw, 740px\" \/><\/a><\/figure>\n<\/figure>\n\n\n\n<p><br><mark style=\"background-color:rgba(0, 0, 0, 0)\" class=\"has-inline-color has-vivid-green-cyan-color\"><strong>!!! Zpr\u00e1va pro \u010dleny klubu!!!<\/strong><br><strong>Od \u00fater\u00fd 25. 6. 2013 je na cvi\u010di\u0161ti op\u011bt po povodn\u00edch pln\u011b obnoven pravideln\u00fd v\u00fdcvik. V\u00fdcvikov\u00e9 dny jsou zachov\u00e1ny dle letn\u00edho pl\u00e1nu. Sledujte t\u00e9\u017e pe\u010dliv\u011b rubriku \u201ev\u00fdcvikov\u00e9 akce\u201c. V dob\u011b kon\u00e1n\u00ed zkou\u0161ek nebo jin\u00fdch akc\u00ed je v\u00fdcvik zru\u0161en.<\/strong><\/mark><\/p>\n\n\n\n<hr class=\"wp-block-separator has-alpha-channel-opacity\"\/>\n\n\n\n<p><mark style=\"background-color:rgba(0, 0, 0, 0)\" class=\"has-inline-color has-vivid-red-color\"><strong>!!!POD\u011aKOV\u00c1N\u00cd!!!<\/strong><br><strong>V\u00fdbor ZKO Litom\u011b\u0159ice d\u011bkuje v\u0161em \u010dlen\u016fm, p\u0159\u00e1tel\u016fm, chovatel\u016fm NO a jin\u00fdm ZKOza pomoc, kterou poskytli na\u0161\u00ed organizaci po povodn\u00edch.D\u00edky t\u00e9to finan\u010dn\u00ed i hmotn\u00e9 pomoci a nezi\u0161tn\u00e9 pr\u00e1ci \u010dlen\u016f, p\u0159\u00e1tel a sp\u0159\u00edzn\u011bn\u00fdch du\u0161\u00edse poda\u0159ilo b\u011bhem kr\u00e1tk\u00e9 doby znovu obnovit norm\u00e1ln\u00ed \u010dinnost organizace.<\/strong><br><strong>!!!VA\u0160\u00cd POMOCI SI VELMI V\u00c1\u017d\u00cdME A D\u011aKUJEME!!!<\/strong><\/mark><\/p>\n\n\n\n<hr class=\"wp-block-separator has-alpha-channel-opacity\"\/>\n\n\n\n<p><strong>!!!Letn\u00ed v\u00fdcvikov\u00fd t\u00e1bor!!!<\/strong><br>Z d\u016fvodu \u010dast\u00fdch dotaz\u016f v\u00fdbor ZKO Litom\u011b\u0159ice d\u00e1v\u00e1 t\u00edmto na v\u011bdom\u00ed v\u0161em, \u017ee LVT se neru\u0161\u00ed. T\u00e1bor prob\u011bhne jako ka\u017ed\u00fd rok ve dvou \u010dtrn\u00e1ctidenn\u00edch turnusech. Na konci ka\u017ed\u00e9ho turnusu si mohou \u00fa\u010dastn\u00edci slo\u017eit zkou\u0161ky z v\u00fdkonu. P\u0159ehled o akc\u00edch a rozhod\u010d\u00edch, kte\u0159\u00ed budou tyto akce posuzovat naleznete v sekci \u201ekynologick\u00e9 akce\u201c. P\u0159ihl\u00e1\u0161ky na LVT m\u016f\u017eete zas\u00edlat na 1. turnus do 29.6. 2013, na 2. turnus do 13.7.2013.<\/p>\n\n\n\n<p><\/p>\n","protected":false},"excerpt":{"rendered":"<p>Dne 23.6. 2013 se uskute\u010dnila na cvi\u010di\u0161ti Krajsk\u00e1 speci\u00e1ln\u00ed v\u00fdstava NO. Akce prob\u011bhla pouh\u00fdch 14 dn\u00ed po z\u00e1plav\u00e1ch, kter\u00e9 postihly na\u0161e cvi\u010di\u0161t\u011b. Cvi\u010di\u0161t\u011b sice nebylo je\u0161t\u011b zcela p\u0159\u00edstupn\u00e9 z d\u016fvodu podm\u00e1\u010den\u00ed n\u011bkter\u00fdch \u010d\u00e1st\u00ed pozemku, ale budovu ZKO se poda\u0159ilo b\u011bhem t\u00e9to kr\u00e1tk\u00e9 doby zcela zprovoznit d\u00edky ob\u011btav\u00e9 pr\u00e1ci \u010dlen\u016f a p\u0159\u00e1tel klubu\u00a0 a t\u00e9\u017e d\u00edky &hellip; <\/p>\n<p class=\"link-more\"><a href=\"https:\/\/zko-litomerice.cz\/index.php\/krajska-specialni-vystava-no-2013\/\" class=\"more-link\">Pokra\u010dovat ve \u010dten\u00ed<span class=\"screen-reader-text\"> &#8222;Krajsk\u00e1 speci\u00e1ln\u00ed v\u00fdstava NO 2013&#8220;<\/span><\/a><\/p>\n","protected":false},"author":1,"featured_media":0,"parent":0,"menu_order":0,"comment_status":"closed","ping_status":"closed","template":"","meta":{"footnotes":""},"class_list":["post-8476","page","type-page","status-publish","hentry"],"_links":{"self":[{"href":"https:\/\/zko-litomerice.cz\/index.php\/wp-json\/wp\/v2\/pages\/8476"}],"collection":[{"href":"https:\/\/zko-litomerice.cz\/index.php\/wp-json\/wp\/v2\/pages"}],"about":[{"href":"https:\/\/zko-litomerice.cz\/index.php\/wp-json\/wp\/v2\/types\/page"}],"author":[{"embeddable":true,"href":"https:\/\/zko-litomerice.cz\/index.php\/wp-json\/wp\/v2\/users\/1"}],"replies":[{"embeddable":true,"href":"https:\/\/zko-litomerice.cz\/index.php\/wp-json\/wp\/v2\/comments?post=8476"}],"version-history":[{"count":2,"href":"https:\/\/zko-litomerice.cz\/index.php\/wp-json\/wp\/v2\/pages\/8476\/revisions"}],"predecessor-version":[{"id":8483,"href":"https:\/\/zko-litomerice.cz\/index.php\/wp-json\/wp\/v2\/pages\/8476\/revisions\/8483"}],"wp:attachment":[{"href":"https:\/\/zko-litomerice.cz\/index.php\/wp-json\/wp\/v2\/media?parent=8476"}],"curies":[{"name":"wp","href":"https:\/\/api.w.org\/{rel}","templated":true}]}}