{"id":8423,"date":"2023-04-19T18:50:36","date_gmt":"2023-04-19T16:50:36","guid":{"rendered":"http:\/\/zko-litomerice.cz\/?page_id=8423"},"modified":"2023-04-19T18:50:36","modified_gmt":"2023-04-19T16:50:36","slug":"jarni-bonitace-2015","status":"publish","type":"page","link":"https:\/\/zko-litomerice.cz\/index.php\/jarni-bonitace-2015\/","title":{"rendered":"Jarn\u00ed bonitace 2015"},"content":{"rendered":"\n<p><strong>Dne 17.5.2015 prob\u011bhla na na\u0161em cvi\u010di\u0161ti prvn\u00ed leto\u0161n\u00ed bonitace n\u011bmeck\u00fdch ov\u010d\u00e1k\u016f.<\/strong><\/p>\n\n\n\n<p>P\u0159ihl\u00e1silo se 8 \u00fa\u010dastn\u00edk\u016f, nastoupilo pouze 7.V\u0161ichni jedinci splnili podm\u00ednky pro za\u0159azen\u00ed do v\u00fdb\u011brov\u00e9ho chovu. Bonita\u010dn\u00ed komisi tvo\u0159ili rozhod\u010d\u00ed Ji\u0159\u00ed \u0160i\u0161ka, OPCH Pavel V\u00e1pen\u00edk a figurant Ivo Valach.<\/p>\n\n\n\n<div class=\"wp-block-buttons is-layout-flex wp-block-buttons-is-layout-flex\">\n<div class=\"wp-block-button\"><a class=\"wp-block-button__link wp-element-button\" href=\"http:\/\/zko-litomerice.cz\/wp-content\/uploads\/2023\/04\/bonitace_ltm.jpg\">V\u00fdsledky bonitace<\/a><\/div>\n<\/div>\n","protected":false},"excerpt":{"rendered":"<p>Dne 17.5.2015 prob\u011bhla na na\u0161em cvi\u010di\u0161ti prvn\u00ed leto\u0161n\u00ed bonitace n\u011bmeck\u00fdch ov\u010d\u00e1k\u016f. P\u0159ihl\u00e1silo se 8 \u00fa\u010dastn\u00edk\u016f, nastoupilo pouze 7.V\u0161ichni jedinci splnili podm\u00ednky pro za\u0159azen\u00ed do v\u00fdb\u011brov\u00e9ho chovu. Bonita\u010dn\u00ed komisi tvo\u0159ili rozhod\u010d\u00ed Ji\u0159\u00ed \u0160i\u0161ka, OPCH Pavel V\u00e1pen\u00edk a figurant Ivo Valach.<\/p>\n","protected":false},"author":1,"featured_media":0,"parent":0,"menu_order":0,"comment_status":"closed","ping_status":"closed","template":"","meta":{"footnotes":""},"class_list":["post-8423","page","type-page","status-publish","hentry"],"_links":{"self":[{"href":"https:\/\/zko-litomerice.cz\/index.php\/wp-json\/wp\/v2\/pages\/8423"}],"collection":[{"href":"https:\/\/zko-litomerice.cz\/index.php\/wp-json\/wp\/v2\/pages"}],"about":[{"href":"https:\/\/zko-litomerice.cz\/index.php\/wp-json\/wp\/v2\/types\/page"}],"author":[{"embeddable":true,"href":"https:\/\/zko-litomerice.cz\/index.php\/wp-json\/wp\/v2\/users\/1"}],"replies":[{"embeddable":true,"href":"https:\/\/zko-litomerice.cz\/index.php\/wp-json\/wp\/v2\/comments?post=8423"}],"version-history":[{"count":1,"href":"https:\/\/zko-litomerice.cz\/index.php\/wp-json\/wp\/v2\/pages\/8423\/revisions"}],"predecessor-version":[{"id":8425,"href":"https:\/\/zko-litomerice.cz\/index.php\/wp-json\/wp\/v2\/pages\/8423\/revisions\/8425"}],"wp:attachment":[{"href":"https:\/\/zko-litomerice.cz\/index.php\/wp-json\/wp\/v2\/media?parent=8423"}],"curies":[{"name":"wp","href":"https:\/\/api.w.org\/{rel}","templated":true}]}}