{"id":8384,"date":"2023-04-19T18:28:47","date_gmt":"2023-04-19T16:28:47","guid":{"rendered":"http:\/\/zko-litomerice.cz\/?page_id=8384"},"modified":"2023-04-19T18:28:47","modified_gmt":"2023-04-19T16:28:47","slug":"krajska-vystava-2015-2","status":"publish","type":"page","link":"https:\/\/zko-litomerice.cz\/index.php\/krajska-vystava-2015-2\/","title":{"rendered":"Krajsk\u00e1 v\u00fdstava 2015"},"content":{"rendered":"\n<p><strong>Dne 21. 6. 2015 prob\u011bhla na cvi\u010di\u0161ti Krajsk\u00e1 speci\u00e1ln\u00ed v\u00fdstava n\u011bmeck\u00fdch ov\u010d\u00e1k\u016f<\/strong>.<\/p>\n\n\n\n<p>V\u00fdstavu posuzoval rozhod\u010d\u00ed exteri\u00e9ru pan Ji\u0159\u00ed \u0160i\u0161ka. Na v\u00fdstav\u011b bylo posouzeno celkem 61 jedinc\u016f. Od roku 2011, kdy byla nov\u011b za\u0159azena do chovu i dlouhosrst\u00e1 varieta NO, postupn\u011b stoup\u00e1 i po\u010det jedinc\u016f posuzovan\u00fdch na v\u00fdstav\u00e1ch. Na t\u00e9to v\u00fdstav\u011b bylo ji\u017e 13 jedinc\u016f posouzeno pr\u00e1v\u011b v t\u00e9to variet\u011b. Zbyl\u00fdch 58 jedinc\u016f bylo posouzeno ve t\u0159\u00edd\u00e1ch pro kr\u00e1tkosrstou varietu. Hlavn\u00edm sponzorem v\u00fdstavy byla op\u011bt firma Euroben, v\u00fdhradn\u00ed dovozce krmiva pro psy Happy dog, kter\u00e1 pro \u00fa\u010dastn\u00edky v\u00fdstavy p\u0159ipravila mnoho kr\u00e1sn\u00fdch cen. V\u0161ichni jedinci um\u00edstn\u011bn\u00ed na prvn\u00edch t\u0159ech m\u00edstech obdr\u017eeli poh\u00e1r a krmivo pro psa. Ve t\u0159\u00edd\u00e1ch dosp\u011bl\u00fdch ps\u016f i fen dokonce do m\u00edsta p\u00e1t\u00e9ho. Jako ka\u017ed\u00fd rok nechyb\u011bla t\u00e9\u017e bohat\u00e1 tombola, ve kter\u00e9 si \u00fa\u010dastn\u00edci v\u00fdstavy vylosovali po skon\u010den\u00ed akce mnoho kr\u00e1sn\u00fdch cen, v\u010detn\u011b hlavn\u00ed ceny, boudy pro psa. Po\u010das\u00ed \u00fa\u010dastn\u00edk\u016fm akce p\u0159\u00e1lo, k dobr\u00e9 pohod\u011b p\u0159isp\u011bla t\u00e9\u017e dob\u0159e z\u00e1soben\u00e1 kant\u00fdna.<\/p>\n\n\n\n<div class=\"wp-block-buttons is-layout-flex wp-block-buttons-is-layout-flex\">\n<div class=\"wp-block-button\"><a class=\"wp-block-button__link wp-element-button\" href=\"http:\/\/zko-litomerice.cz\/wp-content\/uploads\/2023\/04\/vysledky_kv2015-1.pdf\">V\u00fdsledky<\/a><\/div>\n\n\n\n<div class=\"wp-block-button\"><a class=\"wp-block-button__link wp-element-button\" href=\"http:\/\/zko-litomerice.cz\/index.php\/krajska-vystava-2015\/\">Fotogalerie<\/a><\/div>\n<\/div>\n\n\n\n<p><\/p>\n\n\n\n<figure class=\"wp-block-gallery has-nested-images columns-default is-cropped wp-block-gallery-1 is-layout-flex wp-block-gallery-is-layout-flex\">\n<figure class=\"wp-block-image size-large\"><a href=\"http:\/\/zko-litomerice.cz\/wp-content\/uploads\/2023\/04\/v2015_ilu2.jpg\"><img loading=\"lazy\" decoding=\"async\" width=\"745\" height=\"500\" data-id=\"8387\" src=\"http:\/\/zko-litomerice.cz\/wp-content\/uploads\/2023\/04\/v2015_ilu2.jpg\" alt=\"\" class=\"wp-image-8387\" srcset=\"https:\/\/zko-litomerice.cz\/wp-content\/uploads\/2023\/04\/v2015_ilu2.jpg 745w, https:\/\/zko-litomerice.cz\/wp-content\/uploads\/2023\/04\/v2015_ilu2-300x201.jpg 300w\" sizes=\"(max-width: 706px) 89vw, (max-width: 767px) 82vw, 740px\" \/><\/a><\/figure>\n\n\n\n<figure class=\"wp-block-image size-large\"><a href=\"http:\/\/zko-litomerice.cz\/wp-content\/uploads\/2023\/04\/v2015_ilu6.jpg\"><img loading=\"lazy\" decoding=\"async\" width=\"745\" height=\"500\" data-id=\"8385\" src=\"http:\/\/zko-litomerice.cz\/wp-content\/uploads\/2023\/04\/v2015_ilu6.jpg\" alt=\"\" class=\"wp-image-8385\" srcset=\"https:\/\/zko-litomerice.cz\/wp-content\/uploads\/2023\/04\/v2015_ilu6.jpg 745w, https:\/\/zko-litomerice.cz\/wp-content\/uploads\/2023\/04\/v2015_ilu6-300x201.jpg 300w\" sizes=\"(max-width: 706px) 89vw, (max-width: 767px) 82vw, 740px\" \/><\/a><\/figure>\n\n\n\n<figure class=\"wp-block-image size-large\"><a href=\"http:\/\/zko-litomerice.cz\/wp-content\/uploads\/2023\/04\/v2015_ilu.jpg\"><img loading=\"lazy\" decoding=\"async\" width=\"745\" height=\"500\" data-id=\"8386\" src=\"http:\/\/zko-litomerice.cz\/wp-content\/uploads\/2023\/04\/v2015_ilu.jpg\" alt=\"\" class=\"wp-image-8386\" srcset=\"https:\/\/zko-litomerice.cz\/wp-content\/uploads\/2023\/04\/v2015_ilu.jpg 745w, https:\/\/zko-litomerice.cz\/wp-content\/uploads\/2023\/04\/v2015_ilu-300x201.jpg 300w\" sizes=\"(max-width: 706px) 89vw, (max-width: 767px) 82vw, 740px\" \/><\/a><\/figure>\n\n\n\n<figure class=\"wp-block-image size-large\"><a href=\"http:\/\/zko-litomerice.cz\/wp-content\/uploads\/2023\/04\/v2015_ilu5.jpg\"><img loading=\"lazy\" decoding=\"async\" width=\"745\" height=\"500\" data-id=\"8388\" src=\"http:\/\/zko-litomerice.cz\/wp-content\/uploads\/2023\/04\/v2015_ilu5.jpg\" alt=\"\" class=\"wp-image-8388\" srcset=\"https:\/\/zko-litomerice.cz\/wp-content\/uploads\/2023\/04\/v2015_ilu5.jpg 745w, https:\/\/zko-litomerice.cz\/wp-content\/uploads\/2023\/04\/v2015_ilu5-300x201.jpg 300w\" sizes=\"(max-width: 706px) 89vw, (max-width: 767px) 82vw, 740px\" \/><\/a><\/figure>\n\n\n\n<figure class=\"wp-block-image size-large\"><a href=\"http:\/\/zko-litomerice.cz\/wp-content\/uploads\/2023\/04\/v2015_ilu4.jpg\"><img loading=\"lazy\" decoding=\"async\" width=\"745\" height=\"500\" data-id=\"8389\" src=\"http:\/\/zko-litomerice.cz\/wp-content\/uploads\/2023\/04\/v2015_ilu4.jpg\" alt=\"\" class=\"wp-image-8389\" srcset=\"https:\/\/zko-litomerice.cz\/wp-content\/uploads\/2023\/04\/v2015_ilu4.jpg 745w, https:\/\/zko-litomerice.cz\/wp-content\/uploads\/2023\/04\/v2015_ilu4-300x201.jpg 300w\" sizes=\"(max-width: 706px) 89vw, (max-width: 767px) 82vw, 740px\" \/><\/a><\/figure>\n\n\n\n<figure class=\"wp-block-image size-large\"><a href=\"http:\/\/zko-litomerice.cz\/wp-content\/uploads\/2023\/04\/v2015_ilu1.jpg\"><img loading=\"lazy\" decoding=\"async\" width=\"745\" height=\"500\" data-id=\"8390\" src=\"http:\/\/zko-litomerice.cz\/wp-content\/uploads\/2023\/04\/v2015_ilu1.jpg\" alt=\"\" class=\"wp-image-8390\" srcset=\"https:\/\/zko-litomerice.cz\/wp-content\/uploads\/2023\/04\/v2015_ilu1.jpg 745w, https:\/\/zko-litomerice.cz\/wp-content\/uploads\/2023\/04\/v2015_ilu1-300x201.jpg 300w\" sizes=\"(max-width: 706px) 89vw, (max-width: 767px) 82vw, 740px\" \/><\/a><\/figure>\n<\/figure>\n","protected":false},"excerpt":{"rendered":"<p>Dne 21. 6. 2015 prob\u011bhla na cvi\u010di\u0161ti Krajsk\u00e1 speci\u00e1ln\u00ed v\u00fdstava n\u011bmeck\u00fdch ov\u010d\u00e1k\u016f. V\u00fdstavu posuzoval rozhod\u010d\u00ed exteri\u00e9ru pan Ji\u0159\u00ed \u0160i\u0161ka. Na v\u00fdstav\u011b bylo posouzeno celkem 61 jedinc\u016f. Od roku 2011, kdy byla nov\u011b za\u0159azena do chovu i dlouhosrst\u00e1 varieta NO, postupn\u011b stoup\u00e1 i po\u010det jedinc\u016f posuzovan\u00fdch na v\u00fdstav\u00e1ch. Na t\u00e9to v\u00fdstav\u011b bylo ji\u017e 13 jedinc\u016f posouzeno &hellip; <\/p>\n<p class=\"link-more\"><a href=\"https:\/\/zko-litomerice.cz\/index.php\/krajska-vystava-2015-2\/\" class=\"more-link\">Pokra\u010dovat ve \u010dten\u00ed<span class=\"screen-reader-text\"> &#8222;Krajsk\u00e1 v\u00fdstava 2015&#8220;<\/span><\/a><\/p>\n","protected":false},"author":1,"featured_media":0,"parent":0,"menu_order":0,"comment_status":"closed","ping_status":"closed","template":"","meta":{"footnotes":""},"class_list":["post-8384","page","type-page","status-publish","hentry"],"_links":{"self":[{"href":"https:\/\/zko-litomerice.cz\/index.php\/wp-json\/wp\/v2\/pages\/8384"}],"collection":[{"href":"https:\/\/zko-litomerice.cz\/index.php\/wp-json\/wp\/v2\/pages"}],"about":[{"href":"https:\/\/zko-litomerice.cz\/index.php\/wp-json\/wp\/v2\/types\/page"}],"author":[{"embeddable":true,"href":"https:\/\/zko-litomerice.cz\/index.php\/wp-json\/wp\/v2\/users\/1"}],"replies":[{"embeddable":true,"href":"https:\/\/zko-litomerice.cz\/index.php\/wp-json\/wp\/v2\/comments?post=8384"}],"version-history":[{"count":1,"href":"https:\/\/zko-litomerice.cz\/index.php\/wp-json\/wp\/v2\/pages\/8384\/revisions"}],"predecessor-version":[{"id":8396,"href":"https:\/\/zko-litomerice.cz\/index.php\/wp-json\/wp\/v2\/pages\/8384\/revisions\/8396"}],"wp:attachment":[{"href":"https:\/\/zko-litomerice.cz\/index.php\/wp-json\/wp\/v2\/media?parent=8384"}],"curies":[{"name":"wp","href":"https:\/\/api.w.org\/{rel}","templated":true}]}}