{"id":8362,"date":"2023-04-19T18:09:03","date_gmt":"2023-04-19T16:09:03","guid":{"rendered":"http:\/\/zko-litomerice.cz\/?page_id=8362"},"modified":"2023-04-19T19:19:24","modified_gmt":"2023-04-19T17:19:24","slug":"obranarsky-zavod-2016","status":"publish","type":"page","link":"https:\/\/zko-litomerice.cz\/index.php\/obranarsky-zavod-2016\/","title":{"rendered":"Obran\u00e1\u0159sk\u00fd z\u00e1vod 2016"},"content":{"rendered":"\n<p><strong>Dne 5. 3. 2016 prob\u011bhl ji\u017e 12. ro\u010dn\u00edk velmi obl\u00edben\u00e9ho obran\u00e1\u0159sk\u00e9ho z\u00e1vodu.<\/strong> <\/p>\n\n\n\n<p>Z\u00e1vodu se z\u00fa\u010dastnilo 45 z\u00e1vodn\u00edk\u016f z r\u016fzn\u00fdch organizac\u00ed, kte\u0159\u00ed z\u00e1vodili v p\u011bti kategori\u00edch: ZZO, ZM, ZVV1,ZVV2 a RINGO beze stop a speci\u00e1ln\u00edch discipl\u00edn.\u00a0 Z\u00e1vod posuzoval rozhod\u010d\u00ed z v\u00fdkonu 1. t\u0159\u00eddy pan Ji\u0159\u00ed Pru\u017eina. Funkci figuranta vykon\u00e1val v leto\u0161n\u00edm roce ve v\u0161ech kategori\u00edch svazov\u00fd figurant pan V\u00e1clav Kuncl. Z\u00e1vod byl profesion\u00e1ln\u011b ozvu\u010den, ozvu\u010den\u00ed zajistili zcela nezi\u0161tn\u011b man\u017eel\u00e9 T\u00f3dtovi. Ozvu\u010den\u00ed p\u0159isp\u011blo k velmi dobr\u00e9 komunikaci mezi organiz\u00e1tory a z\u00e1vodn\u00edky. I p\u0159es pom\u011brn\u011b velk\u00fd po\u010det \u00fa\u010dastn\u00edk\u016f byl tak z\u00e1vod ukon\u010den ji\u017e kolem 16. hodiny vyhl\u00e1\u0161en\u00edm v\u00fdsledk\u016f, a to d\u00edky dobr\u00e9 organizaci, p\u0159\u00edzniv\u00e9mu po\u010das\u00ed a ne\u00fanavn\u00e9 pr\u00e1ci rozhod\u010d\u00edho, kter\u00fd posuzoval prakticky bez p\u0159est\u00e1vky. K dobr\u00e9 pohod\u011b z\u00e1vodu p\u0159isp\u011bla t\u00e9\u017e dob\u0159e z\u00e1soben\u00e1 kant\u00fdna.\u00a0\u00a0 Sponzorem akce byla tak jako v letech minul\u00fdch firma Euroben, v\u00fdhradn\u00ed dovozce krmiva pro psy Happy dog, kter\u00e1 p\u0159ipravila pro \u00fa\u010dastn\u00edky akce op\u011bt mnoho kr\u00e1sn\u00fdch cen. Z\u00e1vodn\u00edci na prvn\u00edch p\u011bti m\u00edstech byli odm\u011bn\u011bni v\u011bcn\u00fdmi cenami, diplomy a poh\u00e1ry, v\u0161ichni \u00fa\u010dastn\u00edci z\u00e1vodu obdr\u017eeli od v\u00fd\u0161e zmi\u0148ovan\u00e9 firmy malou odm\u011bnu a diplom.\u00a0\u00a0 V\u011bcnou cenou, diplomem a poh\u00e1rem byl rovn\u011b\u017e ocen\u011bn nejlep\u0161\u00ed obran\u00e1\u0159, kter\u00fdm se pro leto\u0161n\u00ed rok stal pan K\u0159\u00ed\u017e Petr se psem Butch od Rejska.<\/p>\n\n\n\n<div class=\"wp-block-buttons is-layout-flex wp-block-buttons-is-layout-flex\">\n<div class=\"wp-block-button\"><a class=\"wp-block-button__link wp-element-button\" href=\"http:\/\/zko-litomerice.cz\/wp-content\/uploads\/2023\/04\/vysledky_kategorie_zvv1-2016.jpg\" target=\"_blank\" rel=\"noreferrer noopener\">ZVV1<\/a><\/div>\n\n\n\n<div class=\"wp-block-button\"><a class=\"wp-block-button__link wp-element-button\" href=\"http:\/\/zko-litomerice.cz\/wp-content\/uploads\/2023\/04\/vysledky_kategorie_zvv2-2016.jpg\" target=\"_blank\" rel=\"noreferrer noopener\">ZVV2<\/a><\/div>\n\n\n\n<div class=\"wp-block-button\"><a class=\"wp-block-button__link wp-element-button\" href=\"http:\/\/zko-litomerice.cz\/wp-content\/uploads\/2023\/04\/vysledky_kategorie_zm-2016.jpg\" target=\"_blank\" rel=\"noreferrer noopener\">ZM<\/a><\/div>\n\n\n\n<div class=\"wp-block-button\"><a class=\"wp-block-button__link wp-element-button\" href=\"http:\/\/zko-litomerice.cz\/wp-content\/uploads\/2023\/04\/vysledky-kategorie_zzo-2016.jpg\" target=\"_blank\" rel=\"noreferrer noopener\">ZZO<\/a><\/div>\n\n\n\n<div class=\"wp-block-button\"><a class=\"wp-block-button__link wp-element-button\" href=\"http:\/\/zko-litomerice.cz\/wp-content\/uploads\/2023\/04\/vysledky_kategorie_ringo-2016.jpg\" target=\"_blank\" rel=\"noreferrer noopener\">RINGO<\/a><\/div>\n<\/div>\n\n\n\n<p><\/p>\n","protected":false},"excerpt":{"rendered":"<p>Dne 5. 3. 2016 prob\u011bhl ji\u017e 12. ro\u010dn\u00edk velmi obl\u00edben\u00e9ho obran\u00e1\u0159sk\u00e9ho z\u00e1vodu. Z\u00e1vodu se z\u00fa\u010dastnilo 45 z\u00e1vodn\u00edk\u016f z r\u016fzn\u00fdch organizac\u00ed, kte\u0159\u00ed z\u00e1vodili v p\u011bti kategori\u00edch: ZZO, ZM, ZVV1,ZVV2 a RINGO beze stop a speci\u00e1ln\u00edch discipl\u00edn.\u00a0 Z\u00e1vod posuzoval rozhod\u010d\u00ed z v\u00fdkonu 1. t\u0159\u00eddy pan Ji\u0159\u00ed Pru\u017eina. Funkci figuranta vykon\u00e1val v leto\u0161n\u00edm roce ve v\u0161ech kategori\u00edch svazov\u00fd &hellip; <\/p>\n<p class=\"link-more\"><a href=\"https:\/\/zko-litomerice.cz\/index.php\/obranarsky-zavod-2016\/\" class=\"more-link\">Pokra\u010dovat ve \u010dten\u00ed<span class=\"screen-reader-text\"> &#8222;Obran\u00e1\u0159sk\u00fd z\u00e1vod 2016&#8220;<\/span><\/a><\/p>\n","protected":false},"author":1,"featured_media":0,"parent":0,"menu_order":0,"comment_status":"closed","ping_status":"closed","template":"","meta":{"footnotes":""},"class_list":["post-8362","page","type-page","status-publish","hentry"],"_links":{"self":[{"href":"https:\/\/zko-litomerice.cz\/index.php\/wp-json\/wp\/v2\/pages\/8362"}],"collection":[{"href":"https:\/\/zko-litomerice.cz\/index.php\/wp-json\/wp\/v2\/pages"}],"about":[{"href":"https:\/\/zko-litomerice.cz\/index.php\/wp-json\/wp\/v2\/types\/page"}],"author":[{"embeddable":true,"href":"https:\/\/zko-litomerice.cz\/index.php\/wp-json\/wp\/v2\/users\/1"}],"replies":[{"embeddable":true,"href":"https:\/\/zko-litomerice.cz\/index.php\/wp-json\/wp\/v2\/comments?post=8362"}],"version-history":[{"count":3,"href":"https:\/\/zko-litomerice.cz\/index.php\/wp-json\/wp\/v2\/pages\/8362\/revisions"}],"predecessor-version":[{"id":8442,"href":"https:\/\/zko-litomerice.cz\/index.php\/wp-json\/wp\/v2\/pages\/8362\/revisions\/8442"}],"wp:attachment":[{"href":"https:\/\/zko-litomerice.cz\/index.php\/wp-json\/wp\/v2\/media?parent=8362"}],"curies":[{"name":"wp","href":"https:\/\/api.w.org\/{rel}","templated":true}]}}