{"id":8352,"date":"2023-04-19T17:54:11","date_gmt":"2023-04-19T15:54:11","guid":{"rendered":"http:\/\/zko-litomerice.cz\/?page_id=8352"},"modified":"2023-04-19T17:54:11","modified_gmt":"2023-04-19T15:54:11","slug":"2-bonitace-no-2016","status":"publish","type":"page","link":"https:\/\/zko-litomerice.cz\/index.php\/2-bonitace-no-2016\/","title":{"rendered":"2. bonitace NO 2016"},"content":{"rendered":"\n<p><strong>19. 11. 2016 prob\u011bhla v leto\u0161n\u00edm roce ji\u017e druh\u00e1 bonitace n\u011bmeck\u00fdch ov\u010d\u00e1k\u016f.<\/strong><br>Akce se z\u00fa\u010dastnilo 11 ps\u016f a fen, podm\u00ednky dle bonita\u010dn\u00edho \u0159\u00e1du splnilo 10 jedinc\u016f a byli tak za\u0159azeni do v\u00fdb\u011brov\u00e9 t\u0159\u00eddy. Jedna fena bohu\u017eel nesplnila zkou\u0161ku povahov\u00fdch vlastnost\u00ed a tak byla za\u0159azena do chovu kontrolovan\u00e9ho. Bonita\u010dn\u00ed komisi tvo\u0159ili: hlavn\u00ed rozhod\u010d\u00ed pan Ji\u0159\u00ed \u0160i\u0161ka, krajsk\u00fd poradce chovu pan Josef Pr\u00e1\u0161il a figurant Ivo Valach.<\/p>\n\n\n\n<p><strong>V\u00fdsledky zde:<\/strong><\/p>\n\n\n\n<figure class=\"wp-block-gallery has-nested-images columns-default is-cropped wp-block-gallery-1 is-layout-flex wp-block-gallery-is-layout-flex\">\n<figure class=\"wp-block-image size-large\"><a href=\"http:\/\/zko-litomerice.cz\/wp-content\/uploads\/2023\/04\/vysledky1811bonitace1.jpg\"><img loading=\"lazy\" decoding=\"async\" width=\"1024\" height=\"724\" data-id=\"8353\" src=\"http:\/\/zko-litomerice.cz\/wp-content\/uploads\/2023\/04\/vysledky1811bonitace1-1024x724.jpg\" alt=\"\" class=\"wp-image-8353\" srcset=\"https:\/\/zko-litomerice.cz\/wp-content\/uploads\/2023\/04\/vysledky1811bonitace1-1024x724.jpg 1024w, https:\/\/zko-litomerice.cz\/wp-content\/uploads\/2023\/04\/vysledky1811bonitace1-300x212.jpg 300w, https:\/\/zko-litomerice.cz\/wp-content\/uploads\/2023\/04\/vysledky1811bonitace1-768x543.jpg 768w, https:\/\/zko-litomerice.cz\/wp-content\/uploads\/2023\/04\/vysledky1811bonitace1.jpg 1200w\" sizes=\"(max-width: 767px) 89vw, (max-width: 1000px) 54vw, (max-width: 1071px) 543px, 580px\" \/><\/a><\/figure>\n\n\n\n<figure class=\"wp-block-image size-large\"><a href=\"http:\/\/zko-litomerice.cz\/wp-content\/uploads\/2023\/04\/vysledky1811bonitace2.jpg\"><img loading=\"lazy\" decoding=\"async\" width=\"1024\" height=\"724\" data-id=\"8354\" src=\"http:\/\/zko-litomerice.cz\/wp-content\/uploads\/2023\/04\/vysledky1811bonitace2-1024x724.jpg\" alt=\"\" class=\"wp-image-8354\" srcset=\"https:\/\/zko-litomerice.cz\/wp-content\/uploads\/2023\/04\/vysledky1811bonitace2-1024x724.jpg 1024w, https:\/\/zko-litomerice.cz\/wp-content\/uploads\/2023\/04\/vysledky1811bonitace2-300x212.jpg 300w, https:\/\/zko-litomerice.cz\/wp-content\/uploads\/2023\/04\/vysledky1811bonitace2-768x543.jpg 768w, https:\/\/zko-litomerice.cz\/wp-content\/uploads\/2023\/04\/vysledky1811bonitace2.jpg 1200w\" sizes=\"(max-width: 767px) 89vw, (max-width: 1000px) 54vw, (max-width: 1071px) 543px, 580px\" \/><\/a><\/figure>\n<\/figure>\n","protected":false},"excerpt":{"rendered":"<p>19. 11. 2016 prob\u011bhla v leto\u0161n\u00edm roce ji\u017e druh\u00e1 bonitace n\u011bmeck\u00fdch ov\u010d\u00e1k\u016f.Akce se z\u00fa\u010dastnilo 11 ps\u016f a fen, podm\u00ednky dle bonita\u010dn\u00edho \u0159\u00e1du splnilo 10 jedinc\u016f a byli tak za\u0159azeni do v\u00fdb\u011brov\u00e9 t\u0159\u00eddy. Jedna fena bohu\u017eel nesplnila zkou\u0161ku povahov\u00fdch vlastnost\u00ed a tak byla za\u0159azena do chovu kontrolovan\u00e9ho. Bonita\u010dn\u00ed komisi tvo\u0159ili: hlavn\u00ed rozhod\u010d\u00ed pan Ji\u0159\u00ed \u0160i\u0161ka, krajsk\u00fd &hellip; <\/p>\n<p class=\"link-more\"><a href=\"https:\/\/zko-litomerice.cz\/index.php\/2-bonitace-no-2016\/\" class=\"more-link\">Pokra\u010dovat ve \u010dten\u00ed<span class=\"screen-reader-text\"> &#8222;2. bonitace NO 2016&#8220;<\/span><\/a><\/p>\n","protected":false},"author":1,"featured_media":0,"parent":0,"menu_order":0,"comment_status":"closed","ping_status":"closed","template":"","meta":{"footnotes":""},"class_list":["post-8352","page","type-page","status-publish","hentry"],"_links":{"self":[{"href":"https:\/\/zko-litomerice.cz\/index.php\/wp-json\/wp\/v2\/pages\/8352"}],"collection":[{"href":"https:\/\/zko-litomerice.cz\/index.php\/wp-json\/wp\/v2\/pages"}],"about":[{"href":"https:\/\/zko-litomerice.cz\/index.php\/wp-json\/wp\/v2\/types\/page"}],"author":[{"embeddable":true,"href":"https:\/\/zko-litomerice.cz\/index.php\/wp-json\/wp\/v2\/users\/1"}],"replies":[{"embeddable":true,"href":"https:\/\/zko-litomerice.cz\/index.php\/wp-json\/wp\/v2\/comments?post=8352"}],"version-history":[{"count":1,"href":"https:\/\/zko-litomerice.cz\/index.php\/wp-json\/wp\/v2\/pages\/8352\/revisions"}],"predecessor-version":[{"id":8355,"href":"https:\/\/zko-litomerice.cz\/index.php\/wp-json\/wp\/v2\/pages\/8352\/revisions\/8355"}],"wp:attachment":[{"href":"https:\/\/zko-litomerice.cz\/index.php\/wp-json\/wp\/v2\/media?parent=8352"}],"curies":[{"name":"wp","href":"https:\/\/api.w.org\/{rel}","templated":true}]}}