{"id":8330,"date":"2023-04-19T17:50:49","date_gmt":"2023-04-19T15:50:49","guid":{"rendered":"http:\/\/zko-litomerice.cz\/?page_id=8330"},"modified":"2023-04-19T19:12:20","modified_gmt":"2023-04-19T17:12:20","slug":"obranarsky-zavod-2017","status":"publish","type":"page","link":"https:\/\/zko-litomerice.cz\/index.php\/obranarsky-zavod-2017\/","title":{"rendered":"Obran\u00e1\u0159sk\u00fd z\u00e1vod 2017"},"content":{"rendered":"\n<p><strong>Dne 4. 3. 2017 prob\u011bhl ji\u017e 13. ro\u010dn\u00edk obran\u00e1\u0159sk\u00e9ho z\u00e1vodu<\/strong>.<\/p>\n\n\n\n<p>Z\u00e1vodu se v tomto roce z\u00fa\u010dastnilo 38 z\u00e1vodn\u00edk\u016f z r\u016fzn\u00fdch organizac\u00ed, kte\u0159\u00ed z\u00e1vodili v p\u011bti kategori\u00edch: ZZO, ZM, ZVV1,ZVV2 a RINGO beze stop a speci\u00e1ln\u00edch discipl\u00edn.<\/p>\n\n\n\n<p>Z\u00e1vod posuzoval rozhod\u010d\u00ed z v\u00fdkonu 1. t\u0159\u00eddy pan Ji\u0159\u00ed Pru\u017eina. Funkci figuranta vykon\u00e1val jako v roce minul\u00e9m ve v\u0161ech kategori\u00edch svazov\u00fd figurant pan V\u00e1clav Kuncl.<\/p>\n\n\n\n<p>&nbsp;Z\u00e1vod byl profesion\u00e1ln\u011b ozvu\u010den, ozvu\u010den\u00ed zajistili op\u011bt jako v p\u0159edchoz\u00edch letech zcela nezi\u0161tn\u011b man\u017eel\u00e9 T\u00f3dtovi, kter\u00fdm pat\u0159\u00ed zaslou\u017een\u011b pod\u011bkov\u00e1n\u00ed. Ozvu\u010den\u00ed toti\u017e velkou m\u011brou p\u0159isp\u00edv\u00e1 k dobr\u00e9 komunikaci mezi organiz\u00e1tory a \u00fa\u010dastn\u00edky z\u00e1vodu. Z\u00e1vod tak zpo\u010d\u00e1tku prob\u00edhal dle pl\u00e1nu, musel b\u00fdt ale bohu\u017eel p\u0159eru\u0161en v pr\u016fb\u011bhu kon\u00e1n\u00ed poslu\u0161nosti, kdy do\u0161lo k celkem v\u00e1\u017en\u00e9mu zran\u011bn\u00ed jedn\u00e9 z \u00fa\u010dastnic z\u00e1vodu. Byla pokous\u00e1na psem, kter\u00e9ho jeho majitelka nezvl\u00e1dla p\u0159i cviku \u201evolno\u201c. Tento neovladateln\u00fd pes napadl majitelku jin\u00e9ho psa na dlouhodob\u00e9m odlo\u017een\u00ed a do\u0161lo tak k v\u00e1\u017en\u00e9mu zran\u011bn\u00ed l\u00fdtka. Zran\u011bn\u00e1 z\u00e1vodnice byla o\u0161et\u0159ena a n\u00e1sledn\u011b byla p\u0159ivol\u00e1na rychl\u00e1 z\u00e1chrann\u00e1 slu\u017eba, kter\u00e1 odvezla \u00fa\u010dastnici z\u00e1vodu do nemocnice k profesion\u00e1ln\u00edmu o\u0161et\u0159en\u00ed. Majitelka nezvladateln\u00e9ho psa byla ze z\u00e1vodu diskvalifikov\u00e1na. Po tomto p\u0159eru\u0161en\u00ed ji\u017e z\u00e1vod d\u00edky dobr\u00e9 organizaci prob\u00edhal dle pl\u00e1nu a byl i p\u0159i takto pom\u011brn\u011b velk\u00e9m po\u010dtu \u00fa\u010dastn\u00edk\u016f a nucen\u00e9mu p\u0159eru\u0161en\u00ed ukon\u010den kolem ji\u017e 16. hodiny vyhl\u00e1\u0161en\u00edm v\u00fdsledk\u016f.<\/p>\n\n\n\n<p>&nbsp;&nbsp; Sponzorem cel\u00e9 akce byla jako v letech minul\u00fdch firma Euroben, v\u00fdhradn\u00ed dovozce krmiva pro psy Happy dog, kter\u00e1 p\u0159ipravila pro \u00fa\u010dastn\u00edky akce op\u011bt mnoho kr\u00e1sn\u00fdch cen. Z\u00e1vodn\u00edci na prvn\u00edch t\u0159ech m\u00edstech byli odm\u011bn\u011bni kr\u00e1sn\u00fdmi poh\u00e1ry, z\u00e1vodn\u00edci do \u0161est\u00e9ho m\u00edsta byli odm\u011bn\u011bni v\u011bcn\u00fdmi cenami a v\u0161ichni z\u00e1vodn\u00edci byli odm\u011bn\u011bni diplomy a malou pozornost\u00ed od v\u00fd\u0161e zmi\u0148ovan\u00e9 firmy.<\/p>\n\n\n\n<p>&nbsp;&nbsp; V\u011bcnou cenou, diplomem a poh\u00e1rem byl rovn\u011b\u017e ocen\u011bn nejlep\u0161\u00ed obran\u00e1\u0159, kter\u00fdm se pro leto\u0161n\u00ed rok stala pan\u00ed Votrubcov\u00e1 se psem Berrym.<\/p>\n\n\n\n<div class=\"wp-block-buttons is-layout-flex wp-block-buttons-is-layout-flex\">\n<div class=\"wp-block-button\"><a class=\"wp-block-button__link wp-element-button\" href=\"http:\/\/zko-litomerice.cz\/wp-content\/uploads\/2023\/04\/kategorie_zzo_2017.jpg\" target=\"_blank\" rel=\"noreferrer noopener\">ZZO<\/a><\/div>\n\n\n\n<div class=\"wp-block-button\"><a class=\"wp-block-button__link wp-element-button\" href=\"http:\/\/zko-litomerice.cz\/wp-content\/uploads\/2023\/04\/kategorie_zm_2017.jpg\" target=\"_blank\" rel=\"noreferrer noopener\">ZM<\/a><\/div>\n\n\n\n<div class=\"wp-block-button\"><a class=\"wp-block-button__link wp-element-button\" href=\"http:\/\/zko-litomerice.cz\/wp-content\/uploads\/2023\/04\/kategorie_zvv1_2017.jpg\" target=\"_blank\" rel=\"noreferrer noopener\">ZVV1<\/a><\/div>\n\n\n\n<div class=\"wp-block-button\"><a class=\"wp-block-button__link wp-element-button\" href=\"http:\/\/zko-litomerice.cz\/wp-content\/uploads\/2023\/04\/kategorie_zvv2_2017.jpg\" target=\"_blank\" rel=\"noreferrer noopener\">ZVV2<\/a><\/div>\n\n\n\n<div class=\"wp-block-button\"><a class=\"wp-block-button__link wp-element-button\" href=\"http:\/\/zko-litomerice.cz\/wp-content\/uploads\/2023\/04\/kategorie_ringo_2017.jpg\" target=\"_blank\" rel=\"noreferrer noopener\">RINGO<\/a><\/div>\n<\/div>\n\n\n\n<figure class=\"wp-block-gallery has-nested-images columns-default is-cropped wp-block-gallery-1 is-layout-flex wp-block-gallery-is-layout-flex\">\n<figure class=\"wp-block-image size-large\"><a href=\"http:\/\/zko-litomerice.cz\/wp-content\/uploads\/2023\/04\/zavod_2017.jpg\"><img loading=\"lazy\" decoding=\"async\" width=\"900\" height=\"599\" data-id=\"8339\" src=\"http:\/\/zko-litomerice.cz\/wp-content\/uploads\/2023\/04\/zavod_2017.jpg\" alt=\"\" class=\"wp-image-8339\" srcset=\"https:\/\/zko-litomerice.cz\/wp-content\/uploads\/2023\/04\/zavod_2017.jpg 900w, https:\/\/zko-litomerice.cz\/wp-content\/uploads\/2023\/04\/zavod_2017-300x200.jpg 300w, https:\/\/zko-litomerice.cz\/wp-content\/uploads\/2023\/04\/zavod_2017-768x511.jpg 768w\" sizes=\"(max-width: 767px) 89vw, (max-width: 1000px) 54vw, (max-width: 1071px) 543px, 580px\" \/><\/a><\/figure>\n\n\n\n<figure class=\"wp-block-image size-large\"><a href=\"http:\/\/zko-litomerice.cz\/wp-content\/uploads\/2023\/04\/zavod_2017_1.jpg\"><img loading=\"lazy\" decoding=\"async\" width=\"900\" height=\"599\" data-id=\"8344\" src=\"http:\/\/zko-litomerice.cz\/wp-content\/uploads\/2023\/04\/zavod_2017_1.jpg\" alt=\"\" class=\"wp-image-8344\" srcset=\"https:\/\/zko-litomerice.cz\/wp-content\/uploads\/2023\/04\/zavod_2017_1.jpg 900w, https:\/\/zko-litomerice.cz\/wp-content\/uploads\/2023\/04\/zavod_2017_1-300x200.jpg 300w, https:\/\/zko-litomerice.cz\/wp-content\/uploads\/2023\/04\/zavod_2017_1-768x511.jpg 768w\" sizes=\"(max-width: 767px) 89vw, (max-width: 1000px) 54vw, (max-width: 1071px) 543px, 580px\" \/><\/a><\/figure>\n\n\n\n<figure class=\"wp-block-image size-large\"><a href=\"http:\/\/zko-litomerice.cz\/wp-content\/uploads\/2023\/04\/zavod_2017_2.jpg\"><img loading=\"lazy\" decoding=\"async\" width=\"900\" height=\"599\" data-id=\"8342\" src=\"http:\/\/zko-litomerice.cz\/wp-content\/uploads\/2023\/04\/zavod_2017_2.jpg\" alt=\"\" class=\"wp-image-8342\" srcset=\"https:\/\/zko-litomerice.cz\/wp-content\/uploads\/2023\/04\/zavod_2017_2.jpg 900w, https:\/\/zko-litomerice.cz\/wp-content\/uploads\/2023\/04\/zavod_2017_2-300x200.jpg 300w, https:\/\/zko-litomerice.cz\/wp-content\/uploads\/2023\/04\/zavod_2017_2-768x511.jpg 768w\" sizes=\"(max-width: 767px) 89vw, (max-width: 1000px) 54vw, (max-width: 1071px) 543px, 580px\" \/><\/a><\/figure>\n\n\n\n<figure class=\"wp-block-image size-large\"><a href=\"http:\/\/zko-litomerice.cz\/wp-content\/uploads\/2023\/04\/zavod_2017_3.jpg\"><img loading=\"lazy\" decoding=\"async\" width=\"900\" height=\"599\" data-id=\"8340\" src=\"http:\/\/zko-litomerice.cz\/wp-content\/uploads\/2023\/04\/zavod_2017_3.jpg\" alt=\"\" class=\"wp-image-8340\" srcset=\"https:\/\/zko-litomerice.cz\/wp-content\/uploads\/2023\/04\/zavod_2017_3.jpg 900w, https:\/\/zko-litomerice.cz\/wp-content\/uploads\/2023\/04\/zavod_2017_3-300x200.jpg 300w, https:\/\/zko-litomerice.cz\/wp-content\/uploads\/2023\/04\/zavod_2017_3-768x511.jpg 768w\" sizes=\"(max-width: 767px) 89vw, (max-width: 1000px) 54vw, (max-width: 1071px) 543px, 580px\" \/><\/a><\/figure>\n\n\n\n<figure class=\"wp-block-image size-large\"><a href=\"http:\/\/zko-litomerice.cz\/wp-content\/uploads\/2023\/04\/zavod_2017_4.jpg\"><img loading=\"lazy\" decoding=\"async\" width=\"900\" height=\"599\" data-id=\"8341\" src=\"http:\/\/zko-litomerice.cz\/wp-content\/uploads\/2023\/04\/zavod_2017_4.jpg\" alt=\"\" class=\"wp-image-8341\" srcset=\"https:\/\/zko-litomerice.cz\/wp-content\/uploads\/2023\/04\/zavod_2017_4.jpg 900w, https:\/\/zko-litomerice.cz\/wp-content\/uploads\/2023\/04\/zavod_2017_4-300x200.jpg 300w, https:\/\/zko-litomerice.cz\/wp-content\/uploads\/2023\/04\/zavod_2017_4-768x511.jpg 768w\" sizes=\"(max-width: 767px) 89vw, (max-width: 1000px) 54vw, (max-width: 1071px) 543px, 580px\" \/><\/a><\/figure>\n\n\n\n<figure class=\"wp-block-image size-large\"><a href=\"http:\/\/zko-litomerice.cz\/wp-content\/uploads\/2023\/04\/zavod_2017_5.jpg\"><img loading=\"lazy\" decoding=\"async\" width=\"900\" height=\"599\" data-id=\"8343\" src=\"http:\/\/zko-litomerice.cz\/wp-content\/uploads\/2023\/04\/zavod_2017_5.jpg\" alt=\"\" class=\"wp-image-8343\" srcset=\"https:\/\/zko-litomerice.cz\/wp-content\/uploads\/2023\/04\/zavod_2017_5.jpg 900w, https:\/\/zko-litomerice.cz\/wp-content\/uploads\/2023\/04\/zavod_2017_5-300x200.jpg 300w, https:\/\/zko-litomerice.cz\/wp-content\/uploads\/2023\/04\/zavod_2017_5-768x511.jpg 768w\" sizes=\"(max-width: 767px) 89vw, (max-width: 1000px) 54vw, (max-width: 1071px) 543px, 580px\" \/><\/a><\/figure>\n\n\n\n<figure class=\"wp-block-image size-large\"><a href=\"http:\/\/zko-litomerice.cz\/wp-content\/uploads\/2023\/04\/zavod_2017_6.jpg\"><img loading=\"lazy\" decoding=\"async\" width=\"900\" height=\"599\" data-id=\"8345\" src=\"http:\/\/zko-litomerice.cz\/wp-content\/uploads\/2023\/04\/zavod_2017_6.jpg\" alt=\"\" class=\"wp-image-8345\" srcset=\"https:\/\/zko-litomerice.cz\/wp-content\/uploads\/2023\/04\/zavod_2017_6.jpg 900w, https:\/\/zko-litomerice.cz\/wp-content\/uploads\/2023\/04\/zavod_2017_6-300x200.jpg 300w, https:\/\/zko-litomerice.cz\/wp-content\/uploads\/2023\/04\/zavod_2017_6-768x511.jpg 768w\" sizes=\"(max-width: 767px) 89vw, (max-width: 1000px) 54vw, (max-width: 1071px) 543px, 580px\" \/><\/a><\/figure>\n\n\n\n<figure class=\"wp-block-image size-large\"><a href=\"http:\/\/zko-litomerice.cz\/wp-content\/uploads\/2023\/04\/zavod_2017_7.jpg\"><img loading=\"lazy\" decoding=\"async\" width=\"900\" height=\"599\" data-id=\"8346\" src=\"http:\/\/zko-litomerice.cz\/wp-content\/uploads\/2023\/04\/zavod_2017_7.jpg\" alt=\"\" class=\"wp-image-8346\" srcset=\"https:\/\/zko-litomerice.cz\/wp-content\/uploads\/2023\/04\/zavod_2017_7.jpg 900w, https:\/\/zko-litomerice.cz\/wp-content\/uploads\/2023\/04\/zavod_2017_7-300x200.jpg 300w, https:\/\/zko-litomerice.cz\/wp-content\/uploads\/2023\/04\/zavod_2017_7-768x511.jpg 768w\" sizes=\"(max-width: 767px) 89vw, (max-width: 1000px) 54vw, (max-width: 1071px) 543px, 580px\" \/><\/a><\/figure>\n\n\n\n<figure class=\"wp-block-image size-large\"><a href=\"http:\/\/zko-litomerice.cz\/wp-content\/uploads\/2023\/04\/zavod_2017_8.jpg\"><img loading=\"lazy\" decoding=\"async\" width=\"900\" height=\"599\" data-id=\"8347\" src=\"http:\/\/zko-litomerice.cz\/wp-content\/uploads\/2023\/04\/zavod_2017_8.jpg\" alt=\"\" class=\"wp-image-8347\" srcset=\"https:\/\/zko-litomerice.cz\/wp-content\/uploads\/2023\/04\/zavod_2017_8.jpg 900w, https:\/\/zko-litomerice.cz\/wp-content\/uploads\/2023\/04\/zavod_2017_8-300x200.jpg 300w, https:\/\/zko-litomerice.cz\/wp-content\/uploads\/2023\/04\/zavod_2017_8-768x511.jpg 768w\" sizes=\"(max-width: 767px) 89vw, (max-width: 1000px) 54vw, (max-width: 1071px) 543px, 580px\" \/><\/a><\/figure>\n<\/figure>\n","protected":false},"excerpt":{"rendered":"<p>Dne 4. 3. 2017 prob\u011bhl ji\u017e 13. ro\u010dn\u00edk obran\u00e1\u0159sk\u00e9ho z\u00e1vodu. Z\u00e1vodu se v tomto roce z\u00fa\u010dastnilo 38 z\u00e1vodn\u00edk\u016f z r\u016fzn\u00fdch organizac\u00ed, kte\u0159\u00ed z\u00e1vodili v p\u011bti kategori\u00edch: ZZO, ZM, ZVV1,ZVV2 a RINGO beze stop a speci\u00e1ln\u00edch discipl\u00edn. Z\u00e1vod posuzoval rozhod\u010d\u00ed z v\u00fdkonu 1. t\u0159\u00eddy pan Ji\u0159\u00ed Pru\u017eina. Funkci figuranta vykon\u00e1val jako v roce minul\u00e9m ve v\u0161ech &hellip; <\/p>\n<p class=\"link-more\"><a href=\"https:\/\/zko-litomerice.cz\/index.php\/obranarsky-zavod-2017\/\" class=\"more-link\">Pokra\u010dovat ve \u010dten\u00ed<span class=\"screen-reader-text\"> &#8222;Obran\u00e1\u0159sk\u00fd z\u00e1vod 2017&#8220;<\/span><\/a><\/p>\n","protected":false},"author":1,"featured_media":0,"parent":0,"menu_order":0,"comment_status":"closed","ping_status":"closed","template":"","meta":{"footnotes":""},"class_list":["post-8330","page","type-page","status-publish","hentry"],"_links":{"self":[{"href":"https:\/\/zko-litomerice.cz\/index.php\/wp-json\/wp\/v2\/pages\/8330"}],"collection":[{"href":"https:\/\/zko-litomerice.cz\/index.php\/wp-json\/wp\/v2\/pages"}],"about":[{"href":"https:\/\/zko-litomerice.cz\/index.php\/wp-json\/wp\/v2\/types\/page"}],"author":[{"embeddable":true,"href":"https:\/\/zko-litomerice.cz\/index.php\/wp-json\/wp\/v2\/users\/1"}],"replies":[{"embeddable":true,"href":"https:\/\/zko-litomerice.cz\/index.php\/wp-json\/wp\/v2\/comments?post=8330"}],"version-history":[{"count":6,"href":"https:\/\/zko-litomerice.cz\/index.php\/wp-json\/wp\/v2\/pages\/8330\/revisions"}],"predecessor-version":[{"id":8440,"href":"https:\/\/zko-litomerice.cz\/index.php\/wp-json\/wp\/v2\/pages\/8330\/revisions\/8440"}],"wp:attachment":[{"href":"https:\/\/zko-litomerice.cz\/index.php\/wp-json\/wp\/v2\/media?parent=8330"}],"curies":[{"name":"wp","href":"https:\/\/api.w.org\/{rel}","templated":true}]}}