{"id":8319,"date":"2023-04-19T17:27:35","date_gmt":"2023-04-19T15:27:35","guid":{"rendered":"http:\/\/zko-litomerice.cz\/?page_id=8319"},"modified":"2023-04-19T17:27:35","modified_gmt":"2023-04-19T15:27:35","slug":"ostatni-akce-roku-2017","status":"publish","type":"page","link":"https:\/\/zko-litomerice.cz\/index.php\/ostatni-akce-roku-2017\/","title":{"rendered":"Ostatn\u00ed akce roku 2017"},"content":{"rendered":"\n<p><strong>Dne 13.5. prob\u011bhla prvn\u00ed bonitace NO v roce 2017.&nbsp;<\/strong><\/p>\n\n\n\n<p>Akce se z\u00fa\u010dastnilo osm ps\u016f, z toho sedm splnilo podm\u00ednky pro za\u0159azen\u00ed do v\u00fdb\u011brov\u00e9ho chovu. Jeden jedinec byl za\u0159azen do chovu kontrolovan\u00e9ho. Bonita\u010dn\u00ed komisi tvo\u0159ili: hlavn\u00ed rozhod\u010d\u00ed Ji\u0159\u00ed \u0160i\u0161ka, krajsk\u00fd poradce chovu Josef Pr\u00e1\u0161il a figurant Ivo Valach.<\/p>\n\n\n\n<div class=\"wp-block-buttons is-layout-flex wp-block-buttons-is-layout-flex\">\n<div class=\"wp-block-button\"><a class=\"wp-block-button__link wp-element-button\" href=\"http:\/\/zko-litomerice.cz\/wp-content\/uploads\/2023\/04\/bonitace_jaro2017.jpg\" target=\"_blank\" rel=\"noreferrer noopener\">V\u00fdsledky bonitace<\/a><\/div>\n<\/div>\n\n\n\n<p><\/p>\n\n\n\n<p><strong>Dne 25. 6. prob\u011bhla Krajsk\u00e1 speci\u00e1ln\u00ed v\u00fdstava NO se zad\u00e1n\u00edm titulu CAC, kterou ji\u017e tradi\u010dn\u011b posuzoval rozhod\u010d\u00ed exteri\u00e9ru pan Ji\u0159\u00ed \u0160i\u0161ka.<\/strong><\/p>\n\n\n\n<p>V\u00fdstavy se z\u00fa\u010dastnilo 76 jedinc\u016f tohoto velmi obl\u00edben\u00e9ho plemene. Rozr\u016fstaj\u00ed se t\u00e9\u017e \u0159ady dlouhosrst\u00e9 variety, kter\u00fdch bylo na v\u00fdstav\u011b posouzeno ji\u017e 16.Hlavn\u00edm sponzorem akce byla firma Euroben, v\u00fdhradn\u00ed dovozce krmiva Happy dog, kter\u00e1 na akci dodala mnoho p\u011bkn\u00fdch cen. V\u0161ichni nejl\u00e9pe ohodnocen\u00ed jedinci na prvn\u00edch t\u0159ech m\u00edstech tak obdr\u017eeli poh\u00e1r a krmivo pro psy. Na konci v\u00fdstavy byla vyhl\u00e1\u0161ena jako ka\u017edoro\u010dn\u011b bohat\u00e1 tombola, ve kter\u00e9 bylo 70 kr\u00e1sn\u00fdch cen v\u010detn\u011b hlavn\u00ed ceny \u2013 boudy pro psa. T\u00e9m\u011b\u0159 v\u0161ichni \u00fa\u010dastn\u00edci tak obdr\u017eeli n\u011bjakou cenu. K dobr\u00e9 pohod\u011b na akci p\u0159isp\u011bla i bohat\u011b z\u00e1soben\u00e1 kant\u00fdna a skv\u011bl\u00e9 po\u010das\u00ed bez de\u0161t\u011b. Vice fotografii <a href=\"https:\/\/www.facebook.com\/zkolitomerice\/photos?tab=album&amp;album_id=648347322041339\" data-type=\"URL\" data-id=\"https:\/\/www.facebook.com\/zkolitomerice\/photos?tab=album&amp;album_id=648347322041339\" target=\"_blank\" rel=\"noreferrer noopener\">zde<\/a><\/p>\n\n\n\n<figure class=\"wp-block-gallery has-nested-images columns-default is-cropped wp-block-gallery-1 is-layout-flex wp-block-gallery-is-layout-flex\">\n<figure class=\"wp-block-image size-large\"><img loading=\"lazy\" decoding=\"async\" width=\"900\" height=\"601\" data-id=\"8321\" src=\"http:\/\/zko-litomerice.cz\/wp-content\/uploads\/2023\/04\/vystava2017_ilu3.jpg\" alt=\"\" class=\"wp-image-8321\" srcset=\"https:\/\/zko-litomerice.cz\/wp-content\/uploads\/2023\/04\/vystava2017_ilu3.jpg 900w, https:\/\/zko-litomerice.cz\/wp-content\/uploads\/2023\/04\/vystava2017_ilu3-300x200.jpg 300w, https:\/\/zko-litomerice.cz\/wp-content\/uploads\/2023\/04\/vystava2017_ilu3-768x513.jpg 768w\" sizes=\"(max-width: 767px) 89vw, (max-width: 1000px) 54vw, (max-width: 1071px) 543px, 580px\" \/><\/figure>\n\n\n\n<figure class=\"wp-block-image size-large\"><img loading=\"lazy\" decoding=\"async\" width=\"900\" height=\"601\" data-id=\"8323\" src=\"http:\/\/zko-litomerice.cz\/wp-content\/uploads\/2023\/04\/vystava2017_ilu2.jpg\" alt=\"\" class=\"wp-image-8323\" srcset=\"https:\/\/zko-litomerice.cz\/wp-content\/uploads\/2023\/04\/vystava2017_ilu2.jpg 900w, https:\/\/zko-litomerice.cz\/wp-content\/uploads\/2023\/04\/vystava2017_ilu2-300x200.jpg 300w, https:\/\/zko-litomerice.cz\/wp-content\/uploads\/2023\/04\/vystava2017_ilu2-768x513.jpg 768w\" sizes=\"(max-width: 767px) 89vw, (max-width: 1000px) 54vw, (max-width: 1071px) 543px, 580px\" \/><\/figure>\n\n\n\n<figure class=\"wp-block-image size-large\"><img loading=\"lazy\" decoding=\"async\" width=\"900\" height=\"601\" data-id=\"8322\" src=\"http:\/\/zko-litomerice.cz\/wp-content\/uploads\/2023\/04\/vystava2017_ilu1.jpg\" alt=\"\" class=\"wp-image-8322\" srcset=\"https:\/\/zko-litomerice.cz\/wp-content\/uploads\/2023\/04\/vystava2017_ilu1.jpg 900w, https:\/\/zko-litomerice.cz\/wp-content\/uploads\/2023\/04\/vystava2017_ilu1-300x200.jpg 300w, https:\/\/zko-litomerice.cz\/wp-content\/uploads\/2023\/04\/vystava2017_ilu1-768x513.jpg 768w\" sizes=\"(max-width: 767px) 89vw, (max-width: 1000px) 54vw, (max-width: 1071px) 543px, 580px\" \/><\/figure>\n<\/figure>\n\n\n\n<div class=\"wp-block-buttons is-layout-flex wp-block-buttons-is-layout-flex\">\n<div class=\"wp-block-button\"><a class=\"wp-block-button__link wp-element-button\" href=\"http:\/\/zko-litomerice.cz\/wp-content\/uploads\/2023\/04\/katalog_vystavy2017.pdf\" target=\"_blank\" rel=\"noreferrer noopener\">Katalog v\u00fdstavy<\/a><\/div>\n<\/div>\n\n\n\n<p><\/p>\n\n\n\n<p><strong>V m\u011bs\u00edci \u010dervenci 2017 prob\u011bhlo na na\u0161em cvi\u010di\u0161ti letn\u00ed soust\u0159ed\u011bn\u00ed psovod\u016f<\/strong>,<\/p>\n\n\n\n<p>kte\u0159\u00ed m\u011bli z\u00e1jem si se sv\u00fdmi psy slo\u017eit zkou\u0161ky z v\u00fdkonu. Toto soust\u0159ed\u011bn\u00ed nahradilo 18 let po\u0159\u00e1dan\u00fd LVT. Letn\u00ed soust\u0159ed\u011bn\u00ed pro omezen\u00fd po\u010det st\u00e1l\u00fdch klient\u016f na\u0161\u00ed organizace zabezpe\u010dil hlavn\u00ed v\u00fdcvik\u00e1\u0159 ZKO Ivo Valach. Klienti i \u010dlenov\u00e9 vlastn\u00ed organizace se tak mohli intenzivn\u00edm tr\u00e9ninkem p\u0159ipravit na zkou\u0161ky z v\u00fdkonu. Soust\u0159ed\u011bn\u00ed prob\u011bhlo ve dvou term\u00ednech, prvn\u00ed turnus byl 14-ti denn\u00ed a druh\u00fd pouze t\u00fddenn\u00ed. Na konci obou turnus\u016f byly po\u0159\u00e1d\u00e1ny v\u017edy dvoje zkou\u0161ky dle n\u00e1rodn\u00edho i mezin\u00e1rodn\u00edho zku\u0161ebn\u00edho \u0159\u00e1du, zkou\u0161ky byly po\u0159\u00e1d\u00e1ny jako sm\u00ed\u0161en\u00e9. Ve \u010dty\u0159ech term\u00ednech tak psovodi nastoupili ke spln\u011bn\u00ed 42 zkou\u0161ek z v\u00fdkonu r\u016fzn\u00fdch druh\u016f. Zkou\u0161ky byly kapacitn\u011b pln\u011b obsazeny.<\/p>\n\n\n\n<p><strong>Druh\u00e9 bonitace NO po\u0159\u00e1dan\u00e9 v roce 2017<\/strong><\/p>\n\n\n\n<p>se z\u00fa\u010dastnilo osm ps\u016f, sedm jich splnilo podm\u00ednky pro za\u0159azen\u00ed do v\u00fdb\u011brov\u00e9ho chovu. Jeden pes bohu\u017eel neobst\u00e1l ve zkou\u0161ce povahy a byl tak za\u0159azen do chovu kontrolovan\u00e9ho. Bonita\u010dn\u00ed komisi tvo\u0159ili: hlavn\u00ed rozhod\u010d\u00ed Ji\u0159\u00ed \u0160i\u0161ka, krajsk\u00fd poradce chovu Josef Pr\u00e1\u0161il a figurant Ivo Valach.<\/p>\n\n\n\n<div class=\"wp-block-buttons is-layout-flex wp-block-buttons-is-layout-flex\">\n<div class=\"wp-block-button\"><a class=\"wp-block-button__link wp-element-button\" href=\"http:\/\/zko-litomerice.cz\/wp-content\/uploads\/2023\/04\/bonitace_podzim2017.jpg\" target=\"_blank\" rel=\"noreferrer noopener\">V\u00fdsledky bonitace<\/a><\/div>\n<\/div>\n","protected":false},"excerpt":{"rendered":"<p>Dne 13.5. prob\u011bhla prvn\u00ed bonitace NO v roce 2017.&nbsp; Akce se z\u00fa\u010dastnilo osm ps\u016f, z toho sedm splnilo podm\u00ednky pro za\u0159azen\u00ed do v\u00fdb\u011brov\u00e9ho chovu. Jeden jedinec byl za\u0159azen do chovu kontrolovan\u00e9ho. Bonita\u010dn\u00ed komisi tvo\u0159ili: hlavn\u00ed rozhod\u010d\u00ed Ji\u0159\u00ed \u0160i\u0161ka, krajsk\u00fd poradce chovu Josef Pr\u00e1\u0161il a figurant Ivo Valach. Dne 25. 6. prob\u011bhla Krajsk\u00e1 speci\u00e1ln\u00ed v\u00fdstava NO &hellip; <\/p>\n<p class=\"link-more\"><a href=\"https:\/\/zko-litomerice.cz\/index.php\/ostatni-akce-roku-2017\/\" class=\"more-link\">Pokra\u010dovat ve \u010dten\u00ed<span class=\"screen-reader-text\"> &#8222;Ostatn\u00ed akce roku 2017&#8220;<\/span><\/a><\/p>\n","protected":false},"author":1,"featured_media":0,"parent":0,"menu_order":0,"comment_status":"closed","ping_status":"closed","template":"","meta":{"footnotes":""},"class_list":["post-8319","page","type-page","status-publish","hentry"],"_links":{"self":[{"href":"https:\/\/zko-litomerice.cz\/index.php\/wp-json\/wp\/v2\/pages\/8319"}],"collection":[{"href":"https:\/\/zko-litomerice.cz\/index.php\/wp-json\/wp\/v2\/pages"}],"about":[{"href":"https:\/\/zko-litomerice.cz\/index.php\/wp-json\/wp\/v2\/types\/page"}],"author":[{"embeddable":true,"href":"https:\/\/zko-litomerice.cz\/index.php\/wp-json\/wp\/v2\/users\/1"}],"replies":[{"embeddable":true,"href":"https:\/\/zko-litomerice.cz\/index.php\/wp-json\/wp\/v2\/comments?post=8319"}],"version-history":[{"count":2,"href":"https:\/\/zko-litomerice.cz\/index.php\/wp-json\/wp\/v2\/pages\/8319\/revisions"}],"predecessor-version":[{"id":8328,"href":"https:\/\/zko-litomerice.cz\/index.php\/wp-json\/wp\/v2\/pages\/8319\/revisions\/8328"}],"wp:attachment":[{"href":"https:\/\/zko-litomerice.cz\/index.php\/wp-json\/wp\/v2\/media?parent=8319"}],"curies":[{"name":"wp","href":"https:\/\/api.w.org\/{rel}","templated":true}]}}